CRAN Package Check Results for Package TVMM

Last updated on 2025-04-30 04:50:22 CEST.

Flavor Version Tinstall Tcheck Ttotal Status Flags
r-devel-linux-x86_64-debian-clang 3.2.1 18.33 118.92 137.25 OK
r-devel-linux-x86_64-debian-gcc 3.2.1 14.03 86.33 100.36 OK
r-devel-linux-x86_64-fedora-clang 3.2.1 229.13 OK
r-devel-linux-x86_64-fedora-gcc 3.2.1 203.07 OK
r-devel-windows-x86_64 3.2.1 15.00 108.00 123.00 OK
r-patched-linux-x86_64 3.2.1 17.53 109.96 127.49 OK
r-release-linux-x86_64 3.2.1 17.15 111.48 128.63 OK
r-release-macos-arm64 3.2.1 94.00 OK
r-release-macos-x86_64 3.2.1 108.00 OK
r-release-windows-x86_64 3.2.1 16.00 102.00 118.00 OK
r-oldrel-macos-arm64 3.2.1 84.00 NOTE
r-oldrel-macos-x86_64 3.2.1 95.00 NOTE
r-oldrel-windows-x86_64 3.2.1 20.00 150.00 170.00 NOTE

Check Details

Version: 3.2.1
Check: LazyData
Result: NOTE 'LazyData' is specified without a 'data' directory Flavors: r-oldrel-macos-arm64, r-oldrel-macos-x86_64, r-oldrel-windows-x86_64