Last updated on 2025-04-30 04:50:21 CEST.
Flavor | Version | Tinstall | Tcheck | Ttotal | Status | Flags |
---|---|---|---|---|---|---|
r-devel-linux-x86_64-debian-clang | 2.4 | 30.24 | 234.06 | 264.30 | OK | |
r-devel-linux-x86_64-debian-gcc | 2.4 | 20.54 | 163.00 | 183.54 | OK | |
r-devel-linux-x86_64-fedora-clang | 2.4 | 433.76 | OK | |||
r-devel-linux-x86_64-fedora-gcc | 2.4 | 383.66 | OK | |||
r-devel-windows-x86_64 | 2.4 | 27.00 | 213.00 | 240.00 | OK | |
r-patched-linux-x86_64 | 2.4 | 30.37 | 217.83 | 248.20 | OK | |
r-release-linux-x86_64 | 2.4 | 26.52 | 216.50 | 243.02 | OK | |
r-release-macos-arm64 | 2.4 | 5.00 | ERROR | |||
r-release-macos-x86_64 | 2.4 | 6.00 | ERROR | |||
r-release-windows-x86_64 | 2.4 | 28.00 | 276.00 | 304.00 | OK | |
r-oldrel-macos-arm64 | 2.4 | 105.00 | OK | |||
r-oldrel-macos-x86_64 | 2.4 | 163.00 | OK | |||
r-oldrel-windows-x86_64 | 2.4 | 32.00 | 274.00 | 306.00 | OK |
Version: 2.4
Check: package dependencies
Result: ERROR
Package required but not available: ‘microbiome’
See section ‘The DESCRIPTION file’ in the ‘Writing R Extensions’
manual.
Flavors: r-release-macos-arm64, r-release-macos-x86_64