Last updated on 2025-04-30 04:50:21 CEST.
Flavor | Version | Tinstall | Tcheck | Ttotal | Status | Flags |
---|---|---|---|---|---|---|
r-devel-linux-x86_64-debian-clang | 4.1.3 | 4.17 | 54.80 | 58.97 | NOTE | |
r-devel-linux-x86_64-debian-gcc | 4.1.3 | 2.80 | 38.52 | 41.32 | NOTE | |
r-devel-linux-x86_64-fedora-clang | 4.1.3 | 89.73 | OK | |||
r-devel-linux-x86_64-fedora-gcc | 4.1.3 | 95.79 | OK | |||
r-devel-windows-x86_64 | 4.1.3 | 6.00 | 110.00 | 116.00 | OK | |
r-patched-linux-x86_64 | 4.1.3 | 5.26 | 54.62 | 59.88 | OK | |
r-release-linux-x86_64 | 4.1.3 | 4.04 | 53.34 | 57.38 | OK | |
r-release-macos-arm64 | 4.1.3 | 34.00 | OK | |||
r-release-macos-x86_64 | 4.1.3 | 64.00 | OK | |||
r-release-windows-x86_64 | 4.1.3 | 7.00 | 108.00 | 115.00 | OK | |
r-oldrel-macos-arm64 | 4.1.3 | 31.00 | OK | |||
r-oldrel-macos-x86_64 | 4.1.3 | 48.00 | OK | |||
r-oldrel-windows-x86_64 | 4.1.3 | 8.00 | 117.00 | 125.00 | OK |
Version: 4.1.3
Check: CRAN incoming feasibility
Result: NOTE
Maintainer: ‘Glenn J. Tattersall <gtatters@brocku.ca>’
No Authors@R field in DESCRIPTION.
Please add one, modifying
Authors@R: person(given = c("Glenn", "J."),
family = "Tattersall",
role = c("aut", "cre"),
email = "gtatters@brocku.ca")
as necessary.
Flavors: r-devel-linux-x86_64-debian-clang, r-devel-linux-x86_64-debian-gcc