Last updated on 2025-02-21 03:52:28 CET.
Flavor | Version | Tinstall | Tcheck | Ttotal | Status | Flags |
---|---|---|---|---|---|---|
r-devel-linux-x86_64-debian-clang | 1.5.0 | 14.79 | 163.35 | 178.14 | NOTE | |
r-devel-linux-x86_64-debian-gcc | 1.5.0 | 8.51 | 109.23 | 117.74 | NOTE | |
r-devel-linux-x86_64-fedora-clang | 1.5.0 | 281.22 | OK | |||
r-devel-linux-x86_64-fedora-gcc | 1.5.0 | 270.69 | OK | |||
r-devel-macos-arm64 | 1.5.0 | 71.00 | OK | |||
r-devel-macos-x86_64 | 1.5.0 | 180.00 | OK | |||
r-devel-windows-x86_64 | 1.5.0 | 19.00 | 227.00 | 246.00 | NOTE | |
r-patched-linux-x86_64 | 1.5.0 | 29.44 | 148.62 | 178.06 | OK | |
r-release-linux-x86_64 | 1.5.0 | 14.35 | 147.80 | 162.15 | OK | |
r-release-macos-arm64 | 1.5.0 | 79.00 | OK | |||
r-release-macos-x86_64 | 1.5.0 | 186.00 | OK | |||
r-release-windows-x86_64 | 1.5.0 | 19.00 | 214.00 | 233.00 | OK | |
r-oldrel-macos-arm64 | 1.5.0 | 76.00 | OK | |||
r-oldrel-macos-x86_64 | 1.5.0 | 182.00 | OK | |||
r-oldrel-windows-x86_64 | 1.5.0 | 20.00 | 258.00 | 278.00 | OK |
Version: 1.5.0
Check: Rd cross-references
Result: NOTE
Found the following Rd file(s) with Rd \link{} targets missing package
anchors:
tidy_inverse_normal.Rd: rinvgauss
Please provide package anchors for all Rd \link{} targets not in the
package itself and the base packages.
Flavors: r-devel-linux-x86_64-debian-clang, r-devel-linux-x86_64-debian-gcc, r-devel-windows-x86_64