Last updated on 2025-11-03 03:49:59 CET.
| Flavor | Version | Tinstall | Tcheck | Ttotal | Status | Flags |
|---|---|---|---|---|---|---|
| r-devel-linux-x86_64-debian-clang | 0.3.1 | 6.13 | 72.43 | 78.56 | NOTE | |
| r-devel-linux-x86_64-debian-gcc | 0.3.1 | 5.24 | 54.72 | 59.96 | NOTE | |
| r-devel-linux-x86_64-fedora-clang | 0.3.1 | 16.00 | 106.40 | 122.40 | NOTE | |
| r-devel-linux-x86_64-fedora-gcc | 0.3.1 | 16.00 | 105.93 | 121.93 | NOTE | |
| r-devel-windows-x86_64 | 0.3.1 | 7.00 | 86.00 | 93.00 | NOTE | |
| r-patched-linux-x86_64 | 0.3.1 | 7.46 | 70.18 | 77.64 | NOTE | |
| r-release-linux-x86_64 | 0.3.1 | 6.54 | 71.57 | 78.11 | NOTE | |
| r-release-macos-arm64 | 0.3.1 | 3.00 | 43.00 | 46.00 | NOTE | |
| r-release-macos-x86_64 | 0.3.1 | 8.00 | 79.00 | 87.00 | NOTE | |
| r-release-windows-x86_64 | 0.3.1 | 9.00 | 87.00 | 96.00 | NOTE | |
| r-oldrel-macos-arm64 | 0.3.1 | 3.00 | 37.00 | 40.00 | NOTE | |
| r-oldrel-macos-x86_64 | 0.3.1 | 6.00 | 57.00 | 63.00 | NOTE | |
| r-oldrel-windows-x86_64 | 0.3.1 | 10.00 | 101.00 | 111.00 | NOTE |
Version: 0.3.1
Check: Rd files
Result: NOTE
checkRd: (-1) alcohol.Rd:16-18: Lost braces in \itemize; meant \describe ?
checkRd: (-1) alcohol.Rd:19-21: Lost braces in \itemize; meant \describe ?
checkRd: (-1) alcohol.Rd:22-26: Lost braces in \itemize; meant \describe ?
Flavors: r-devel-linux-x86_64-debian-clang, r-devel-linux-x86_64-debian-gcc, r-devel-linux-x86_64-fedora-clang, r-devel-linux-x86_64-fedora-gcc, r-devel-windows-x86_64, r-patched-linux-x86_64, r-release-linux-x86_64, r-release-macos-arm64, r-release-macos-x86_64, r-release-windows-x86_64, r-oldrel-macos-arm64, r-oldrel-macos-x86_64, r-oldrel-windows-x86_64