Last updated on 2025-04-30 04:50:22 CEST.
Flavor | Version | Tinstall | Tcheck | Ttotal | Status | Flags |
---|---|---|---|---|---|---|
r-devel-linux-x86_64-debian-clang | 0.3.1 | 7.41 | 70.78 | 78.19 | NOTE | |
r-devel-linux-x86_64-debian-gcc | 0.3.1 | 5.42 | 51.13 | 56.55 | NOTE | |
r-devel-linux-x86_64-fedora-clang | 0.3.1 | 119.58 | NOTE | |||
r-devel-linux-x86_64-fedora-gcc | 0.3.1 | 119.48 | NOTE | |||
r-devel-windows-x86_64 | 0.3.1 | 8.00 | 88.00 | 96.00 | NOTE | |
r-patched-linux-x86_64 | 0.3.1 | 7.00 | 69.19 | 76.19 | NOTE | |
r-release-linux-x86_64 | 0.3.1 | 6.98 | 69.32 | 76.30 | NOTE | |
r-release-macos-arm64 | 0.3.1 | 46.00 | NOTE | |||
r-release-macos-x86_64 | 0.3.1 | 87.00 | NOTE | |||
r-release-windows-x86_64 | 0.3.1 | 8.00 | 84.00 | 92.00 | NOTE | |
r-oldrel-macos-arm64 | 0.3.1 | 40.00 | NOTE | |||
r-oldrel-macos-x86_64 | 0.3.1 | 63.00 | NOTE | |||
r-oldrel-windows-x86_64 | 0.3.1 | 9.00 | 99.00 | 108.00 | NOTE |
Version: 0.3.1
Check: Rd files
Result: NOTE
checkRd: (-1) alcohol.Rd:16-18: Lost braces in \itemize; meant \describe ?
checkRd: (-1) alcohol.Rd:19-21: Lost braces in \itemize; meant \describe ?
checkRd: (-1) alcohol.Rd:22-26: Lost braces in \itemize; meant \describe ?
Flavors: r-devel-linux-x86_64-debian-clang, r-devel-linux-x86_64-debian-gcc, r-devel-linux-x86_64-fedora-clang, r-devel-linux-x86_64-fedora-gcc, r-devel-windows-x86_64, r-patched-linux-x86_64, r-release-linux-x86_64, r-release-macos-arm64, r-release-macos-x86_64, r-release-windows-x86_64, r-oldrel-macos-arm64, r-oldrel-macos-x86_64, r-oldrel-windows-x86_64
Version: 0.3.1
Check: examples
Result: NOTE
Examples with CPU (user + system) or elapsed time > 5s
user system elapsed
mat.tvbeta 5.812 0.013 8.193
Flavor: r-devel-linux-x86_64-debian-clang