CRAN Package Check Results for Package Tinflex

Last updated on 2025-04-30 04:50:22 CEST.

Flavor Version Tinstall Tcheck Ttotal Status Flags
r-devel-linux-x86_64-debian-clang 2.4 4.30 44.01 48.31 NOTE
r-devel-linux-x86_64-debian-gcc 2.4 3.71 32.03 35.74 NOTE
r-devel-linux-x86_64-fedora-clang 2.4 77.76 OK
r-devel-linux-x86_64-fedora-gcc 2.4 77.27 OK
r-devel-windows-x86_64 2.4 8.00 74.00 82.00 OK
r-patched-linux-x86_64 2.4 5.12 41.69 46.81 OK
r-release-linux-x86_64 2.4 4.77 41.80 46.57 OK
r-release-macos-arm64 2.4 27.00 OK
r-release-macos-x86_64 2.4 50.00 OK
r-release-windows-x86_64 2.4 9.00 69.00 78.00 OK
r-oldrel-macos-arm64 2.4 31.00 OK
r-oldrel-macos-x86_64 2.4 41.00 OK
r-oldrel-windows-x86_64 2.4 11.00 75.00 86.00 OK

Check Details

Version: 2.4
Check: CRAN incoming feasibility
Result: NOTE Maintainer: ‘Josef Leydold <josef.leydold@wu.ac.at>’ No Authors@R field in DESCRIPTION. Please add one, modifying Authors@R: c(person(given = "Josef", family = "Leydold", role = c("aut", "cre"), email = "josef.leydold@wu.ac.at"), person(given = "Carsten", family = "Botts", role = "aut"), person(given = "Wolfgang", family = "H\\\"ormann", role = "aut")) as necessary. Flavors: r-devel-linux-x86_64-debian-clang, r-devel-linux-x86_64-debian-gcc