CRAN Package Check Results for Package TipDatingBeast

Last updated on 2025-04-30 04:50:22 CEST.

Flavor Version Tinstall Tcheck Ttotal Status Flags
r-devel-linux-x86_64-debian-clang 1.1-0 10.81 78.66 89.47 NOTE
r-devel-linux-x86_64-debian-gcc 1.1-0 7.47 56.38 63.85 NOTE
r-devel-linux-x86_64-fedora-clang 1.1-0 138.45 OK
r-devel-linux-x86_64-fedora-gcc 1.1-0 134.40 OK
r-devel-windows-x86_64 1.1-0 12.00 96.00 108.00 OK
r-patched-linux-x86_64 1.1-0 9.92 74.29 84.21 OK
r-release-linux-x86_64 1.1-0 10.06 74.59 84.65 OK
r-release-macos-arm64 1.1-0 39.00 OK
r-release-macos-x86_64 1.1-0 69.00 OK
r-release-windows-x86_64 1.1-0 12.00 98.00 110.00 OK
r-oldrel-macos-arm64 1.1-0 35.00 OK
r-oldrel-macos-x86_64 1.1-0 52.00 OK
r-oldrel-windows-x86_64 1.1-0 16.00 105.00 121.00 OK

Check Details

Version: 1.1-0
Check: CRAN incoming feasibility
Result: NOTE Maintainer: ‘Camilo Khatchikian <ckhatchikian@gmail.com>’ No Authors@R field in DESCRIPTION. Please add one, modifying Authors@R: c(person(given = "Adrien", family = "Rieux", role = "aut"), person(given = "Camilo", family = "Khatchikian", role = c("aut", "cre"), email = "ckhatchikian@gmail.com")) as necessary. Flavors: r-devel-linux-x86_64-debian-clang, r-devel-linux-x86_64-debian-gcc