Last updated on 2025-04-30 04:50:22 CEST.
Flavor | Version | Tinstall | Tcheck | Ttotal | Status | Flags |
---|---|---|---|---|---|---|
r-devel-linux-x86_64-debian-clang | 1.0.2 | 8.36 | 95.73 | 104.09 | NOTE | |
r-devel-linux-x86_64-debian-gcc | 1.0.2 | 6.21 | 78.97 | 85.18 | NOTE | |
r-devel-linux-x86_64-fedora-clang | 1.0.2 | 155.87 | OK | |||
r-devel-linux-x86_64-fedora-gcc | 1.0.2 | 167.80 | OK | |||
r-devel-windows-x86_64 | 1.0.2 | 9.00 | 115.00 | 124.00 | NOTE | |
r-patched-linux-x86_64 | 1.0.2 | 7.54 | 91.34 | 98.88 | NOTE | |
r-release-linux-x86_64 | 1.0.2 | 8.61 | 92.83 | 101.44 | NOTE | |
r-release-macos-arm64 | 1.0.2 | 73.00 | OK | |||
r-release-macos-x86_64 | 1.0.2 | 119.00 | OK | |||
r-release-windows-x86_64 | 1.0.2 | 9.00 | 105.00 | 114.00 | NOTE | |
r-oldrel-macos-arm64 | 1.0.2 | 58.00 | OK | |||
r-oldrel-macos-x86_64 | 1.0.2 | 80.00 | OK | |||
r-oldrel-windows-x86_64 | 1.0.2 | 12.00 | 129.00 | 141.00 | OK |
Version: 1.0.2
Check: CRAN incoming feasibility
Result: NOTE
Maintainer: ‘Xiang Lyu <xianglyu@berkeley.edu>’
No Authors@R field in DESCRIPTION.
Please add one, modifying
Authors@R: c(person(given = "Xiang",
family = "Lyu",
role = c("aut", "cre"),
email = "xianglyu@berkeley.edu"),
person(given = c("Will", "Wei"),
family = "Sun",
role = "aut"),
person(given = "Zhaoran",
family = "Wang",
role = "aut"),
person(given = "Han",
family = "Liu",
role = "aut"),
person(given = "Jian",
family = "Yang",
role = "aut"),
person(given = "Guang",
family = "Cheng",
role = "aut"))
as necessary.
Flavors: r-devel-linux-x86_64-debian-clang, r-devel-linux-x86_64-debian-gcc
Version: 1.0.2
Check: Rd cross-references
Result: NOTE
Found the following Rd file(s) with Rd \link{} targets missing package
anchors:
Tlasso.fit.Rd: huge
Please provide package anchors for all Rd \link{} targets not in the
package itself and the base packages.
Flavors: r-devel-linux-x86_64-debian-clang, r-devel-linux-x86_64-debian-gcc, r-devel-windows-x86_64, r-patched-linux-x86_64, r-release-linux-x86_64, r-release-windows-x86_64
Version: 1.0.2
Check: examples
Result: NOTE
Examples with CPU (user + system) or elapsed time > 5s
user system elapsed
Tlasso.fit 8.439 0.094 11.118
Flavor: r-devel-linux-x86_64-debian-clang
Version: 1.0.2
Check: examples
Result: NOTE
Examples with CPU (user + system) or elapsed time > 5s
user system elapsed
Tlasso.fit 8.606 0.435 11.189
Flavor: r-devel-linux-x86_64-debian-gcc