Last updated on 2025-04-30 04:50:22 CEST.
Flavor | Version | Tinstall | Tcheck | Ttotal | Status | Flags |
---|---|---|---|---|---|---|
r-devel-linux-x86_64-debian-clang | 0.10.1 | 7.55 | 79.35 | 86.90 | NOTE | |
r-devel-linux-x86_64-debian-gcc | 0.10.1 | 4.59 | 53.93 | 58.52 | NOTE | |
r-devel-linux-x86_64-fedora-clang | 0.10.1 | 129.46 | NOTE | |||
r-devel-linux-x86_64-fedora-gcc | 0.10.1 | 123.01 | NOTE | |||
r-devel-windows-x86_64 | 0.10.1 | 9.00 | 104.00 | 113.00 | NOTE | |
r-patched-linux-x86_64 | 0.10.1 | 6.90 | 73.35 | 80.25 | NOTE | |
r-release-linux-x86_64 | 0.10.1 | 6.20 | 73.84 | 80.04 | NOTE | |
r-release-macos-arm64 | 0.10.1 | 37.00 | NOTE | |||
r-release-macos-x86_64 | 0.10.1 | 71.00 | NOTE | |||
r-release-windows-x86_64 | 0.10.1 | 8.00 | 93.00 | 101.00 | NOTE | |
r-oldrel-macos-arm64 | 0.10.1 | 35.00 | NOTE | |||
r-oldrel-macos-x86_64 | 0.10.1 | 57.00 | NOTE | |||
r-oldrel-windows-x86_64 | 0.10.1 | 10.00 | 113.00 | 123.00 | NOTE |
Version: 0.10.1
Check: CRAN incoming feasibility
Result: NOTE
Maintainer: ‘Henrik Bengtsson <henrikb@braju.com>’
Package CITATION file contains call(s) to old-style citEntry(). Please
use bibentry() instead.
Flavors: r-devel-linux-x86_64-debian-clang, r-devel-linux-x86_64-debian-gcc
Version: 0.10.1
Check: Rd files
Result: NOTE
checkRd: (-1) TopDom.Rd:21: Lost braces; missing escapes or markup?
21 | Recommended range is in {5, ..., 20}.}
| ^
Flavors: r-devel-linux-x86_64-debian-clang, r-devel-linux-x86_64-debian-gcc, r-devel-linux-x86_64-fedora-clang, r-devel-linux-x86_64-fedora-gcc, r-devel-windows-x86_64, r-patched-linux-x86_64, r-release-linux-x86_64, r-release-macos-arm64, r-release-macos-x86_64, r-release-windows-x86_64, r-oldrel-macos-arm64, r-oldrel-macos-x86_64, r-oldrel-windows-x86_64