Last updated on 2025-04-30 04:50:22 CEST.
Flavor | Version | Tinstall | Tcheck | Ttotal | Status | Flags |
---|---|---|---|---|---|---|
r-devel-linux-x86_64-debian-clang | 1.2.1 | 9.26 | 242.89 | 252.15 | NOTE | |
r-devel-linux-x86_64-debian-gcc | 1.2.1 | 6.43 | 167.38 | 173.81 | NOTE | |
r-devel-linux-x86_64-fedora-clang | 1.2.1 | 379.92 | NOTE | |||
r-devel-linux-x86_64-fedora-gcc | 1.2.1 | 395.31 | NOTE | |||
r-devel-windows-x86_64 | 1.2.1 | 13.00 | 249.00 | 262.00 | NOTE | |
r-patched-linux-x86_64 | 1.2.1 | 12.28 | 228.25 | 240.53 | NOTE | |
r-release-linux-x86_64 | 1.2.1 | 10.74 | 229.80 | 240.54 | NOTE | |
r-release-macos-arm64 | 1.2.1 | 126.00 | NOTE | |||
r-release-macos-x86_64 | 1.2.1 | 259.00 | NOTE | |||
r-release-windows-x86_64 | 1.2.1 | 14.00 | 232.00 | 246.00 | NOTE | |
r-oldrel-macos-arm64 | 1.2.1 | 120.00 | OK | |||
r-oldrel-macos-x86_64 | 1.2.1 | 304.00 | OK | |||
r-oldrel-windows-x86_64 | 1.2.1 | 18.00 | 318.00 | 336.00 | OK |
Version: 1.2.1
Check: DESCRIPTION meta-information
Result: NOTE
Missing dependency on R >= 4.1.0 because package code uses the pipe
|> or function shorthand \(...) syntax added in R 4.1.0.
File(s) using such syntax:
‘replace_leading_whitespace.R’
Flavors: r-devel-linux-x86_64-debian-clang, r-devel-linux-x86_64-debian-gcc, r-devel-linux-x86_64-fedora-clang, r-devel-linux-x86_64-fedora-gcc, r-devel-windows-x86_64, r-patched-linux-x86_64, r-release-linux-x86_64, r-release-macos-arm64, r-release-macos-x86_64, r-release-windows-x86_64