Last updated on 2025-04-30 04:50:22 CEST.
Flavor | Version | Tinstall | Tcheck | Ttotal | Status | Flags |
---|---|---|---|---|---|---|
r-devel-linux-x86_64-debian-clang | 2.2-11 | 45.70 | 220.96 | 266.66 | NOTE | |
r-devel-linux-x86_64-debian-gcc | 2.2-11 | 29.53 | 150.75 | 180.28 | OK | |
r-devel-linux-x86_64-fedora-clang | 2.2-11 | 425.05 | OK | |||
r-devel-linux-x86_64-fedora-gcc | 2.2-11 | 427.05 | OK | |||
r-devel-windows-x86_64 | 2.2-11 | 59.00 | 278.00 | 337.00 | OK | |
r-patched-linux-x86_64 | 2.2-11 | 46.21 | 211.11 | 257.32 | OK | |
r-release-linux-x86_64 | 2.2-11 | 43.73 | 209.59 | 253.32 | OK | |
r-release-macos-arm64 | 2.2-11 | 135.00 | OK | |||
r-release-macos-x86_64 | 2.2-11 | 239.00 | OK | |||
r-release-windows-x86_64 | 2.2-11 | 59.00 | 281.00 | 340.00 | OK | |
r-oldrel-macos-arm64 | 2.2-11 | 110.00 | OK | |||
r-oldrel-macos-x86_64 | 2.2-11 | 243.00 | OK | |||
r-oldrel-windows-x86_64 | 2.2-11 | 69.00 | 344.00 | 413.00 | OK |
Version: 2.2-11
Check: examples
Result: NOTE
Examples with CPU (user + system) or elapsed time > 5s
user system elapsed
seqdist 3.002 0.001 5.377
Flavor: r-devel-linux-x86_64-debian-clang