Last updated on 2025-04-29 04:50:21 CEST.
Flavor | Version | Tinstall | Tcheck | Ttotal | Status | Flags |
---|---|---|---|---|---|---|
r-devel-linux-x86_64-debian-clang | 3.2 | 15.33 | 168.42 | 183.75 | OK | |
r-devel-linux-x86_64-debian-gcc | 3.2 | 10.92 | 114.60 | 125.52 | NOTE | |
r-devel-linux-x86_64-fedora-clang | 3.2 | 309.97 | OK | |||
r-devel-linux-x86_64-fedora-gcc | 3.2 | 286.61 | OK | |||
r-devel-windows-x86_64 | 3.2 | 18.00 | 178.00 | 196.00 | OK | |
r-patched-linux-x86_64 | 3.2 | 16.38 | 163.68 | 180.06 | OK | |
r-release-linux-x86_64 | 3.2 | 14.40 | 160.49 | 174.89 | OK | |
r-release-macos-arm64 | 3.2 | 72.00 | OK | |||
r-release-macos-x86_64 | 3.2 | 142.00 | OK | |||
r-release-windows-x86_64 | 3.2 | 18.00 | 181.00 | 199.00 | OK | |
r-oldrel-macos-arm64 | 3.2 | 77.00 | OK | |||
r-oldrel-macos-x86_64 | 3.2 | 156.00 | OK | |||
r-oldrel-windows-x86_64 | 3.2 | 24.00 | 238.00 | 262.00 | OK |
Version: 3.2
Check: examples
Result: NOTE
Examples with CPU (user + system) or elapsed time > 5s
user system elapsed
CalcUKThunderBallPnL 6.401 0.120 6.492
UKThunderballBacktesting 5.779 0.040 8.568
UKLotteryExample 4.799 0.069 5.984
CalcEuroLotteryPnL 3.372 0.112 5.128
UKLotteryBacktesting 3.316 0.063 5.536
Flavor: r-devel-linux-x86_64-debian-gcc