Last updated on 2025-04-30 04:50:22 CEST.
Flavor | Version | Tinstall | Tcheck | Ttotal | Status | Flags |
---|---|---|---|---|---|---|
r-devel-linux-x86_64-debian-clang | 1.1.3 | 14.12 | 104.63 | 118.75 | NOTE | |
r-devel-linux-x86_64-debian-gcc | 1.1.3 | 7.93 | 74.57 | 82.50 | NOTE | |
r-devel-linux-x86_64-fedora-clang | 1.1.3 | 166.99 | OK | |||
r-devel-linux-x86_64-fedora-gcc | 1.1.3 | 169.68 | OK | |||
r-devel-windows-x86_64 | 1.1.3 | 14.00 | 112.00 | 126.00 | OK | |
r-patched-linux-x86_64 | 1.1.3 | 12.84 | 97.68 | 110.52 | OK | |
r-release-linux-x86_64 | 1.1.3 | 12.02 | 96.50 | 108.52 | OK | |
r-release-macos-arm64 | 1.1.3 | 49.00 | OK | |||
r-release-macos-x86_64 | 1.1.3 | 90.00 | OK | |||
r-release-windows-x86_64 | 1.1.3 | 14.00 | 111.00 | 125.00 | OK | |
r-oldrel-macos-arm64 | 1.1.3 | 55.00 | OK | |||
r-oldrel-macos-x86_64 | 1.1.3 | 70.00 | OK | |||
r-oldrel-windows-x86_64 | 1.1.3 | 18.00 | 138.00 | 156.00 | OK |
Version: 1.1.3
Check: CRAN incoming feasibility
Result: NOTE
Maintainer: ‘Ashkan Ertefaie <ashkan_ertefaie@urmc.rochester.edu>’
No Authors@R field in DESCRIPTION.
Please add one, modifying
Authors@R: c(person(given = "Xinyao",
family = "Ji",
role = "aut"),
person(given = "Ashkan",
family = "Ertefaie",
role = c("aut", "cre"),
email = "ashkan_ertefaie@urmc.rochester.edu"))
as necessary.
Flavors: r-devel-linux-x86_64-debian-clang, r-devel-linux-x86_64-debian-gcc