Last updated on 2025-04-30 04:50:22 CEST.
Flavor | Version | Tinstall | Tcheck | Ttotal | Status | Flags |
---|---|---|---|---|---|---|
r-devel-linux-x86_64-debian-clang | 1.0 | 11.42 | 93.60 | 105.02 | NOTE | |
r-devel-linux-x86_64-debian-gcc | 1.0 | 7.63 | 63.66 | 71.29 | NOTE | |
r-devel-linux-x86_64-fedora-clang | 1.0 | 155.51 | OK | |||
r-devel-linux-x86_64-fedora-gcc | 1.0 | 152.51 | OK | |||
r-devel-windows-x86_64 | 1.0 | 12.00 | 106.00 | 118.00 | NOTE | |
r-patched-linux-x86_64 | 1.0 | 9.92 | 89.48 | 99.40 | NOTE | |
r-release-linux-x86_64 | 1.0 | 10.07 | 89.03 | 99.10 | NOTE | |
r-release-macos-arm64 | 1.0 | 43.00 | OK | |||
r-release-macos-x86_64 | 1.0 | 84.00 | OK | |||
r-release-windows-x86_64 | 1.0 | 12.00 | 104.00 | 116.00 | NOTE | |
r-oldrel-macos-arm64 | 1.0 | 42.00 | OK | |||
r-oldrel-macos-x86_64 | 1.0 | 65.00 | OK | |||
r-oldrel-windows-x86_64 | 1.0 | 16.00 | 131.00 | 147.00 | OK |
Version: 1.0
Check: CRAN incoming feasibility
Result: NOTE
Maintainer: ‘Phil J Watson <philwatson.slr@gmail.com>’
No Authors@R field in DESCRIPTION.
Please add one, modifying
Authors@R: person(given = c("Phil", "J"),
family = "Watson",
role = c("aut", "cre"),
email = "philwatson.slr@gmail.com")
as necessary.
Flavors: r-devel-linux-x86_64-debian-clang, r-devel-linux-x86_64-debian-gcc
Version: 1.0
Check: Rd cross-references
Result: NOTE
Found the following Rd file(s) with Rd \link{} targets missing package
anchors:
check.decomp.Rd: Rssa
Please provide package anchors for all Rd \link{} targets not in the
package itself and the base packages.
Flavors: r-devel-linux-x86_64-debian-clang, r-devel-linux-x86_64-debian-gcc, r-devel-windows-x86_64, r-patched-linux-x86_64, r-release-linux-x86_64, r-release-windows-x86_64
Version: 1.0
Check: examples
Result: NOTE
Examples with CPU (user + system) or elapsed time > 5s
user system elapsed
check.decomp 5.754 0.222 6.7
Flavor: r-devel-linux-x86_64-debian-clang