Last updated on 2025-04-30 04:50:22 CEST.
Flavor | Version | Tinstall | Tcheck | Ttotal | Status | Flags |
---|---|---|---|---|---|---|
r-devel-linux-x86_64-debian-clang | 1.5.4 | 10.01 | 76.13 | 86.14 | NOTE | |
r-devel-linux-x86_64-debian-gcc | 1.5.4 | 5.67 | 52.30 | 57.97 | NOTE | |
r-devel-linux-x86_64-fedora-clang | 1.5.4 | 128.66 | OK | |||
r-devel-linux-x86_64-fedora-gcc | 1.5.4 | 136.85 | OK | |||
r-devel-windows-x86_64 | 1.5.4 | 12.00 | 84.00 | 96.00 | OK | |
r-patched-linux-x86_64 | 1.5.4 | 8.54 | 72.96 | 81.50 | OK | |
r-release-linux-x86_64 | 1.5.4 | 8.88 | 71.47 | 80.35 | OK | |
r-release-macos-arm64 | 1.5.4 | 41.00 | OK | |||
r-release-macos-x86_64 | 1.5.4 | 76.00 | OK | |||
r-release-windows-x86_64 | 1.5.4 | 11.00 | 88.00 | 99.00 | OK | |
r-oldrel-macos-arm64 | 1.5.4 | 39.00 | OK | |||
r-oldrel-macos-x86_64 | 1.5.4 | 62.00 | OK | |||
r-oldrel-windows-x86_64 | 1.5.4 | 13.00 | 108.00 | 121.00 | OK |
Version: 1.5.4
Check: CRAN incoming feasibility
Result: NOTE
Maintainer: ‘Felix Schönbrodt <felix.schoenbrodt@psy.lmu.de>’
No Authors@R field in DESCRIPTION.
Please add one, modifying
Authors@R: c(person(given = c("F.", "D."),
family = "Schönbrodt",
role = "aut"),
person(given = c("M.", "D."),
family = "Back",
role = "aut"),
person(given = c("S.", "C."),
family = "Schmukle",
role = "aut"),
person(given = "Felix",
family = "Schönbrodt",
role = "cre",
email = "felix.schoenbrodt@psy.lmu.de"))
as necessary.
Package CITATION file contains call(s) to old-style citEntry(). Please
use bibentry() instead.
Flavors: r-devel-linux-x86_64-debian-clang, r-devel-linux-x86_64-debian-gcc
Version: 1.5.4
Check: examples
Result: NOTE
Examples with CPU (user + system) or elapsed time > 5s
user system elapsed
getEffects 3.857 0.159 5.59
Flavor: r-devel-linux-x86_64-debian-clang