Last updated on 2025-04-30 04:50:22 CEST.
Flavor | Version | Tinstall | Tcheck | Ttotal | Status | Flags |
---|---|---|---|---|---|---|
r-devel-linux-x86_64-debian-clang | 2.5.3 | 4.65 | 37.38 | 42.03 | NOTE | |
r-devel-linux-x86_64-debian-gcc | 2.5.3 | 3.35 | 27.17 | 30.52 | NOTE | |
r-devel-linux-x86_64-fedora-clang | 2.5.3 | 63.80 | OK | |||
r-devel-linux-x86_64-fedora-gcc | 2.5.3 | 61.34 | OK | |||
r-devel-windows-x86_64 | 2.5.3 | 7.00 | 63.00 | 70.00 | OK | |
r-patched-linux-x86_64 | 2.5.3 | 4.74 | 35.90 | 40.64 | OK | |
r-release-linux-x86_64 | 2.5.3 | 4.00 | 36.13 | 40.13 | OK | |
r-release-macos-arm64 | 2.5.3 | 22.00 | OK | |||
r-release-macos-x86_64 | 2.5.3 | 39.00 | OK | |||
r-release-windows-x86_64 | 2.5.3 | 7.00 | 75.00 | 82.00 | OK | |
r-oldrel-macos-arm64 | 2.5.3 | 21.00 | OK | |||
r-oldrel-macos-x86_64 | 2.5.3 | 30.00 | OK | |||
r-oldrel-windows-x86_64 | 2.5.3 | 7.00 | 69.00 | 76.00 | OK |
Version: 2.5.3
Check: CRAN incoming feasibility
Result: NOTE
Maintainer: ‘Hans Kestler <hans.kestler@uni-ulm.de>’
No Authors@R field in DESCRIPTION.
Please add one, modifying
Authors@R: c(person(given = "Christoph",
family = "Müssel",
role = "aut"),
person(given = "Ludwig",
family = "Lausser",
role = "aut"),
person(given = "Hans",
family = "Kestler",
role = c("aut", "cre"),
email = "hans.kestler@uni-ulm.de"))
as necessary.
Flavors: r-devel-linux-x86_64-debian-clang, r-devel-linux-x86_64-debian-gcc