Last updated on 2025-04-29 04:50:22 CEST.
Flavor | Version | Tinstall | Tcheck | Ttotal | Status | Flags |
---|---|---|---|---|---|---|
r-devel-linux-x86_64-debian-clang | 1.0.1 | 3.67 | 48.93 | 52.60 | OK | |
r-devel-linux-x86_64-debian-gcc | 1.0.1 | 2.58 | 35.89 | 38.47 | NOTE | |
r-devel-linux-x86_64-fedora-clang | 1.0.1 | 84.30 | OK | |||
r-devel-linux-x86_64-fedora-gcc | 1.0.1 | 95.81 | OK | |||
r-devel-windows-x86_64 | 1.0.1 | 4.00 | 69.00 | 73.00 | OK | |
r-patched-linux-x86_64 | 1.0.1 | 4.03 | 49.14 | 53.17 | OK | |
r-release-linux-x86_64 | 1.0.1 | 3.08 | 47.97 | 51.05 | OK | |
r-release-macos-arm64 | 1.0.1 | 31.00 | OK | |||
r-release-macos-x86_64 | 1.0.1 | 60.00 | OK | |||
r-release-windows-x86_64 | 1.0.1 | 6.00 | 70.00 | 76.00 | OK | |
r-oldrel-macos-arm64 | 1.0.1 | 49.00 | OK | |||
r-oldrel-macos-x86_64 | 1.0.1 | 116.00 | OK | |||
r-oldrel-windows-x86_64 | 1.0.1 | 6.00 | 81.00 | 87.00 | OK |
Version: 1.0.1
Check: examples
Result: NOTE
Examples with CPU (user + system) or elapsed time > 5s
user system elapsed
divisive_clustering 5.993 0.095 7.575
Flavor: r-devel-linux-x86_64-debian-gcc