Last updated on 2025-04-30 04:50:22 CEST.
Flavor | Version | Tinstall | Tcheck | Ttotal | Status | Flags |
---|---|---|---|---|---|---|
r-devel-linux-x86_64-debian-clang | 1.0 | 18.79 | 290.37 | 309.16 | NOTE | |
r-devel-linux-x86_64-debian-gcc | 1.0 | 15.30 | 231.46 | 246.76 | NOTE | |
r-devel-linux-x86_64-fedora-clang | 1.0 | 475.68 | OK | |||
r-devel-linux-x86_64-fedora-gcc | 1.0 | 424.20 | OK | |||
r-devel-windows-x86_64 | 1.0 | 21.00 | 216.00 | 237.00 | OK | |
r-patched-linux-x86_64 | 1.0 | 20.60 | 250.25 | 270.85 | OK | |
r-release-linux-x86_64 | 1.0 | 19.13 | 254.49 | 273.62 | OK | |
r-release-macos-arm64 | 1.0 | 123.00 | OK | |||
r-release-macos-x86_64 | 1.0 | 216.00 | OK | |||
r-release-windows-x86_64 | 1.0 | 22.00 | 214.00 | 236.00 | OK | |
r-oldrel-macos-arm64 | 1.0 | 113.00 | OK | |||
r-oldrel-macos-x86_64 | 1.0 | 185.00 | OK | |||
r-oldrel-windows-x86_64 | 1.0 | 28.00 | 281.00 | 309.00 | OK |
Version: 1.0
Check: examples
Result: NOTE
Examples with CPU (user + system) or elapsed time > 5s
user system elapsed
build.UBaymodel 7.194 0.222 5.582
Flavor: r-devel-linux-x86_64-debian-clang
Version: 1.0
Check: examples
Result: NOTE
Examples with CPU (user + system) or elapsed time > 5s
user system elapsed
build.UBaymodel 6.146 0.465 6.709
Flavor: r-devel-linux-x86_64-debian-gcc