Last updated on 2025-11-03 03:50:00 CET.
| Flavor | Version | Tinstall | Tcheck | Ttotal | Status | Flags |
|---|---|---|---|---|---|---|
| r-devel-linux-x86_64-debian-clang | 0.0-4 | 41.89 | 75.89 | 117.78 | OK | |
| r-devel-linux-x86_64-debian-gcc | 0.0-4 | 30.48 | 54.68 | 85.16 | OK | |
| r-devel-linux-x86_64-fedora-clang | 0.0-4 | 180.00 | 26.81 | 206.81 | OK | |
| r-devel-linux-x86_64-fedora-gcc | 0.0-4 | 113.00 | 84.01 | 197.01 | OK | |
| r-devel-windows-x86_64 | 0.0-4 | 48.00 | 99.00 | 147.00 | OK | |
| r-patched-linux-x86_64 | 0.0-4 | 40.94 | 72.48 | 113.42 | OK | |
| r-release-linux-x86_64 | 0.0-4 | 44.44 | 72.14 | 116.58 | OK | |
| r-release-macos-arm64 | 0.0-4 | 20.00 | 33.00 | 53.00 | OK | |
| r-release-macos-x86_64 | 0.0-4 | 52.00 | 61.00 | 113.00 | OK | |
| r-release-windows-x86_64 | 0.0-4 | 49.00 | 98.00 | 147.00 | OK | |
| r-oldrel-macos-arm64 | 0.0-4 | 20.00 | 38.00 | 58.00 | NOTE | |
| r-oldrel-macos-x86_64 | 0.0-4 | 33.00 | 60.00 | 93.00 | NOTE | |
| r-oldrel-windows-x86_64 | 0.0-4 | 55.00 | 129.00 | 184.00 | OK |
Version: 0.0-4
Check: installed package size
Result: NOTE
installed size is 5.0Mb
sub-directories of 1Mb or more:
libs 4.9Mb
Flavors: r-oldrel-macos-arm64, r-oldrel-macos-x86_64