CRAN Package Check Results for Package UStatBookABSC

Last updated on 2025-04-30 04:50:23 CEST.

Flavor Version Tinstall Tcheck Ttotal Status Flags
r-devel-linux-x86_64-debian-clang 1.0.0 1.63 17.68 19.31 NOTE
r-devel-linux-x86_64-debian-gcc 1.0.0 1.39 14.49 15.88 NOTE
r-devel-linux-x86_64-fedora-clang 1.0.0 30.10 OK
r-devel-linux-x86_64-fedora-gcc 1.0.0 29.55 OK
r-devel-windows-x86_64 1.0.0 3.00 43.00 46.00 OK
r-patched-linux-x86_64 1.0.0 1.61 17.06 18.67 OK
r-release-linux-x86_64 1.0.0 1.53 16.81 18.34 OK
r-release-macos-arm64 1.0.0 17.00 OK
r-release-macos-x86_64 1.0.0 23.00 OK
r-release-windows-x86_64 1.0.0 2.00 42.00 44.00 OK
r-oldrel-macos-arm64 1.0.0 15.00 OK
r-oldrel-macos-x86_64 1.0.0 19.00 OK
r-oldrel-windows-x86_64 1.0.0 4.00 40.00 44.00 OK

Check Details

Version: 1.0.0
Check: CRAN incoming feasibility
Result: NOTE Maintainer: ‘Snigdhansu Chatterjee <chatt019@umn.edu>’ No Authors@R field in DESCRIPTION. Please add one, modifying Authors@R: person(given = "Snigdhansu", family = "Chatterjee", role = c("aut", "cre"), email = "chatt019@umn.edu") as necessary. Flavors: r-devel-linux-x86_64-debian-clang, r-devel-linux-x86_64-debian-gcc