Last updated on 2025-04-30 04:50:22 CEST.
Flavor | Version | Tinstall | Tcheck | Ttotal | Status | Flags |
---|---|---|---|---|---|---|
r-devel-linux-x86_64-debian-clang | 2.1 | 5.67 | 35.16 | 40.83 | NOTE | |
r-devel-linux-x86_64-debian-gcc | 2.1 | 3.46 | 24.71 | 28.17 | NOTE | |
r-devel-linux-x86_64-fedora-clang | 2.1 | 66.57 | OK | |||
r-devel-linux-x86_64-fedora-gcc | 2.1 | 65.41 | OK | |||
r-devel-windows-x86_64 | 2.1 | 7.00 | 55.00 | 62.00 | OK | |
r-patched-linux-x86_64 | 2.1 | 6.10 | 33.08 | 39.18 | OK | |
r-release-linux-x86_64 | 2.1 | 6.51 | 33.17 | 39.68 | OK | |
r-release-macos-arm64 | 2.1 | 21.00 | OK | |||
r-release-macos-x86_64 | 2.1 | 38.00 | OK | |||
r-release-windows-x86_64 | 2.1 | 5.00 | 54.00 | 59.00 | OK | |
r-oldrel-macos-arm64 | 2.1 | 20.00 | OK | |||
r-oldrel-macos-x86_64 | 2.1 | 30.00 | OK | |||
r-oldrel-windows-x86_64 | 2.1 | 7.00 | 60.00 | 67.00 | OK |
Version: 2.1
Check: CRAN incoming feasibility
Result: NOTE
Maintainer: ‘Kaniav Kamary <kamary@ceremade.dauphine.fr>’
No Authors@R field in DESCRIPTION.
Please add one, modifying
Authors@R: c(person(given = "Kaniav",
family = "Kamary",
role = c("aut", "cre"),
email = "kamary@ceremade.dauphine.fr"),
person(given = "Kate",
family = "Lee",
role = "aut"))
as necessary.
Flavors: r-devel-linux-x86_64-debian-clang, r-devel-linux-x86_64-debian-gcc