Last updated on 2025-04-30 04:50:22 CEST.
Flavor | Version | Tinstall | Tcheck | Ttotal | Status | Flags |
---|---|---|---|---|---|---|
r-devel-linux-x86_64-debian-clang | 1.0.0 | 21.05 | 188.75 | 209.80 | NOTE | |
r-devel-linux-x86_64-debian-gcc | 1.0.0 | 16.49 | 127.05 | 143.54 | OK | |
r-devel-linux-x86_64-fedora-clang | 1.0.0 | 306.53 | OK | |||
r-devel-linux-x86_64-fedora-gcc | 1.0.0 | 309.96 | OK | |||
r-devel-windows-x86_64 | 1.0.0 | 24.00 | 183.00 | 207.00 | OK | |
r-patched-linux-x86_64 | 1.0.0 | 25.76 | 178.97 | 204.73 | OK | |
r-release-linux-x86_64 | 1.0.0 | 23.67 | 176.74 | 200.41 | OK | |
r-release-macos-arm64 | 1.0.0 | 81.00 | OK | |||
r-release-macos-x86_64 | 1.0.0 | 148.00 | OK | |||
r-release-windows-x86_64 | 1.0.0 | 23.00 | 175.00 | 198.00 | OK | |
r-oldrel-macos-arm64 | 1.0.0 | 92.00 | NOTE | |||
r-oldrel-macos-x86_64 | 1.0.0 | 127.00 | NOTE | |||
r-oldrel-windows-x86_64 | 1.0.0 | 31.00 | 357.00 | 388.00 | NOTE |
Version: 1.0.0
Check: examples
Result: NOTE
Examples with CPU (user + system) or elapsed time > 5s
user system elapsed
Plot.Mapa 5.199 0.150 6.102
Plot.Boxplot 4.862 0.064 5.356
Flavor: r-devel-linux-x86_64-debian-clang
Version: 1.0.0
Check: installed package size
Result: NOTE
installed size is 5.4Mb
sub-directories of 1Mb or more:
R 1.8Mb
help 2.6Mb
Flavors: r-oldrel-macos-arm64, r-oldrel-macos-x86_64, r-oldrel-windows-x86_64