Last updated on 2025-11-04 03:51:12 CET.
| Flavor | Version | Tinstall | Tcheck | Ttotal | Status | Flags | 
|---|---|---|---|---|---|---|
| r-devel-linux-x86_64-debian-clang | 1.0.0 | 9.66 | 88.79 | 98.45 | NOTE | |
| r-devel-linux-x86_64-debian-gcc | 1.0.0 | 7.34 | 65.09 | 72.43 | NOTE | |
| r-devel-linux-x86_64-fedora-clang | 1.0.0 | 21.00 | 130.83 | 151.83 | OK | |
| r-devel-linux-x86_64-fedora-gcc | 1.0.0 | 21.00 | 119.01 | 140.01 | OK | |
| r-devel-windows-x86_64 | 1.0.0 | 11.00 | 88.00 | 99.00 | NOTE | |
| r-patched-linux-x86_64 | 1.0.0 | 9.60 | 84.19 | 93.79 | NOTE | |
| r-release-linux-x86_64 | 1.0.0 | 9.08 | 82.96 | 92.04 | NOTE | |
| r-release-macos-arm64 | 1.0.0 | 4.00 | 33.00 | 37.00 | OK | |
| r-release-macos-x86_64 | 1.0.0 | 9.00 | 64.00 | 73.00 | OK | |
| r-release-windows-x86_64 | 1.0.0 | 10.00 | 88.00 | 98.00 | NOTE | |
| r-oldrel-macos-arm64 | 1.0.0 | 4.00 | 33.00 | 37.00 | OK | |
| r-oldrel-macos-x86_64 | 1.0.0 | 6.00 | 47.00 | 53.00 | OK | |
| r-oldrel-windows-x86_64 | 1.0.0 | 14.00 | 113.00 | 127.00 | OK | 
Version: 1.0.0
Check: CRAN incoming feasibility
Result: NOTE
  Maintainer: ‘Yao Liu <lyao222lll@nwafu.edu.cn>’
  
  No Authors@R field in DESCRIPTION.
  Please add one, modifying
    Authors@R: person(given = "Yao",
                      family = "Liu",
                      role = c("aut", "cre"),
                      email = "lyao222lll@nwafu.edu.cn")
  as necessary.
Flavors: r-devel-linux-x86_64-debian-clang, r-devel-linux-x86_64-debian-gcc
Version: 1.0.0
Check: Rd cross-references
Result: NOTE
  Found the following Rd file(s) with Rd \link{} targets missing package
  anchors:
    barplot_hp.Rd: rdacca.hp
    upset_vp.Rd: rdacca.hp
  Please provide package anchors for all Rd \link{} targets not in the
  package itself and the base packages.
Flavors: r-devel-linux-x86_64-debian-clang, r-devel-linux-x86_64-debian-gcc, r-devel-windows-x86_64, r-patched-linux-x86_64, r-release-linux-x86_64, r-release-windows-x86_64