CRAN Package Check Results for Package UpSetVP

Last updated on 2025-04-30 04:50:22 CEST.

Flavor Version Tinstall Tcheck Ttotal Status Flags
r-devel-linux-x86_64-debian-clang 1.0.0 9.79 79.73 89.52 NOTE
r-devel-linux-x86_64-debian-gcc 1.0.0 5.94 55.27 61.21 NOTE
r-devel-linux-x86_64-fedora-clang 1.0.0 138.63 OK
r-devel-linux-x86_64-fedora-gcc 1.0.0 133.47 OK
r-devel-windows-x86_64 1.0.0 12.00 86.00 98.00 NOTE
r-patched-linux-x86_64 1.0.0 9.81 73.50 83.31 NOTE
r-release-linux-x86_64 1.0.0 7.35 74.72 82.07 NOTE
r-release-macos-arm64 1.0.0 37.00 OK
r-release-macos-x86_64 1.0.0 73.00 OK
r-release-windows-x86_64 1.0.0 12.00 84.00 96.00 NOTE
r-oldrel-macos-arm64 1.0.0 37.00 OK
r-oldrel-macos-x86_64 1.0.0 53.00 OK
r-oldrel-windows-x86_64 1.0.0 12.00 211.00 223.00 OK

Check Details

Version: 1.0.0
Check: CRAN incoming feasibility
Result: NOTE Maintainer: ‘Yao Liu <lyao222lll@nwafu.edu.cn>’ No Authors@R field in DESCRIPTION. Please add one, modifying Authors@R: person(given = "Yao", family = "Liu", role = c("aut", "cre"), email = "lyao222lll@nwafu.edu.cn") as necessary. Flavors: r-devel-linux-x86_64-debian-clang, r-devel-linux-x86_64-debian-gcc

Version: 1.0.0
Check: Rd cross-references
Result: NOTE Found the following Rd file(s) with Rd \link{} targets missing package anchors: barplot_hp.Rd: rdacca.hp upset_vp.Rd: rdacca.hp Please provide package anchors for all Rd \link{} targets not in the package itself and the base packages. Flavors: r-devel-linux-x86_64-debian-clang, r-devel-linux-x86_64-debian-gcc, r-devel-windows-x86_64, r-patched-linux-x86_64, r-release-linux-x86_64, r-release-windows-x86_64