Last updated on 2025-04-30 04:50:23 CEST.
Flavor | Version | Tinstall | Tcheck | Ttotal | Status | Flags |
---|---|---|---|---|---|---|
r-devel-linux-x86_64-debian-clang | 0.1.1 | 227.48 | 121.32 | 348.80 | NOTE | |
r-devel-linux-x86_64-debian-gcc | 0.1.1 | 182.57 | 88.21 | 270.78 | NOTE | |
r-devel-linux-x86_64-fedora-clang | 0.1.1 | 650.74 | NOTE | |||
r-devel-linux-x86_64-fedora-gcc | 0.1.1 | 709.66 | NOTE | |||
r-devel-windows-x86_64 | 0.1.1 | 260.00 | 143.00 | 403.00 | NOTE | |
r-patched-linux-x86_64 | 0.1.1 | 259.42 | 130.07 | 389.49 | NOTE | |
r-release-linux-x86_64 | 0.1.1 | 254.94 | 127.26 | 382.20 | NOTE | |
r-release-macos-arm64 | 0.1.1 | 207.00 | NOTE | |||
r-release-macos-x86_64 | 0.1.1 | 174.00 | NOTE | |||
r-release-windows-x86_64 | 0.1.1 | 259.00 | 146.00 | 405.00 | NOTE | |
r-oldrel-macos-arm64 | 0.1.1 | 142.00 | NOTE | |||
r-oldrel-macos-x86_64 | 0.1.1 | 160.00 | NOTE | |||
r-oldrel-windows-x86_64 | 0.1.1 | 308.00 | 188.00 | 496.00 | OK |
Version: 0.1.1
Check: DESCRIPTION meta-information
Result: NOTE
Missing dependency on R >= 4.1.0 because package code uses the pipe
|> or function shorthand \(...) syntax added in R 4.1.0.
File(s) using such syntax:
‘plot_surv.Rd’
Flavors: r-devel-linux-x86_64-debian-clang, r-devel-linux-x86_64-debian-gcc, r-devel-linux-x86_64-fedora-clang, r-devel-linux-x86_64-fedora-gcc, r-devel-windows-x86_64, r-patched-linux-x86_64, r-release-linux-x86_64, r-release-macos-arm64, r-release-macos-x86_64, r-release-windows-x86_64
Version: 0.1.1
Check: examples
Result: NOTE
Examples with CPU (user + system) or elapsed time > 5s
user system elapsed
joint_ms_start_val 7.513 0.298 5.575
joint_ms_lb 7.366 0.316 5.002
joint_ms_va_par 7.488 0.183 4.889
joint_ms_format 7.375 0.233 5.004
Flavor: r-devel-linux-x86_64-debian-clang
Version: 0.1.1
Check: examples
Result: NOTE
Examples with CPU (user + system) or elapsed time > 5s
user system elapsed
joint_ms_start_val 6.447 0.024 5.275
joint_ms_va_par 6.165 0.051 4.638
joint_ms_lb 5.718 0.040 4.255
Flavor: r-devel-linux-x86_64-debian-gcc
Version: 0.1.1
Check: installed package size
Result: NOTE
installed size is 24.7Mb
sub-directories of 1Mb or more:
doc 2.2Mb
libs 22.4Mb
Flavors: r-oldrel-macos-arm64, r-oldrel-macos-x86_64