CRAN Package Check Results for Package VALERIE

Last updated on 2025-04-30 04:50:23 CEST.

Flavor Version Tinstall Tcheck Ttotal Status Flags
r-devel-linux-x86_64-debian-clang 1.1.0 45.27 360.47 405.74 NOTE
r-devel-linux-x86_64-debian-gcc 1.1.0 37.00 258.21 295.21 NOTE
r-devel-linux-x86_64-fedora-clang 1.1.0 679.72 OK
r-devel-linux-x86_64-fedora-gcc 1.1.0 647.28 OK
r-devel-windows-x86_64 1.1.0 46.00 317.00 363.00 OK
r-patched-linux-x86_64 1.1.0 43.85 352.15 396.00 OK
r-release-linux-x86_64 1.1.0 39.11 341.06 380.17 OK
r-release-macos-arm64 1.1.0 160.00 OK
r-release-macos-x86_64 1.1.0 297.00 OK
r-release-windows-x86_64 1.1.0 43.00 309.00 352.00 OK
r-oldrel-macos-arm64 1.1.0 158.00 NOTE
r-oldrel-macos-x86_64 1.1.0 232.00 NOTE
r-oldrel-windows-x86_64 1.1.0 58.00 415.00 473.00 NOTE

Check Details

Version: 1.1.0
Check: CRAN incoming feasibility
Result: NOTE Maintainer: ‘Sean Wen <sean.wenwx@gmail.com>’ No Authors@R field in DESCRIPTION. Please add one, modifying Authors@R: person(given = "Sean", family = "Wen", role = c("aut", "cre"), email = "sean.wenwx@gmail.com") as necessary. Flavors: r-devel-linux-x86_64-debian-clang, r-devel-linux-x86_64-debian-gcc

Version: 1.1.0
Check: installed package size
Result: NOTE installed size is 9.4Mb sub-directories of 1Mb or more: extdata 8.7Mb Flavors: r-oldrel-macos-arm64, r-oldrel-macos-x86_64, r-oldrel-windows-x86_64