CRAN Package Check Results for Package VAM

Last updated on 2025-04-30 04:50:23 CEST.

Flavor Version Tinstall Tcheck Ttotal Status Flags
r-devel-linux-x86_64-debian-clang 1.1.0 6.25 102.48 108.73 NOTE
r-devel-linux-x86_64-debian-gcc 1.1.0 4.89 77.28 82.17 NOTE
r-devel-linux-x86_64-fedora-clang 1.1.0 184.27 OK
r-devel-linux-x86_64-fedora-gcc 1.1.0 199.61 OK
r-devel-windows-x86_64 1.1.0 7.00 162.00 169.00 OK
r-patched-linux-x86_64 1.1.0 6.21 102.27 108.48 OK
r-release-linux-x86_64 1.1.0 6.28 98.86 105.14 OK
r-release-macos-arm64 1.1.0 75.00 OK
r-release-macos-x86_64 1.1.0 126.00 OK
r-release-windows-x86_64 1.1.0 7.00 157.00 164.00 OK
r-oldrel-macos-arm64 1.1.0 59.00 OK
r-oldrel-macos-x86_64 1.1.0 94.00 OK
r-oldrel-windows-x86_64 1.1.0 9.00 169.00 178.00 OK

Check Details

Version: 1.1.0
Check: CRAN incoming feasibility
Result: NOTE Maintainer: ‘H. Robert Frost <rob.frost@dartmouth.edu>’ No Authors@R field in DESCRIPTION. Please add one, modifying Authors@R: person(given = c("H.", "Robert"), family = "Frost", role = c("aut", "cre"), email = "rob.frost@dartmouth.edu") as necessary. Flavors: r-devel-linux-x86_64-debian-clang, r-devel-linux-x86_64-debian-gcc

Version: 1.1.0
Check: examples
Result: NOTE Examples with CPU (user + system) or elapsed time > 5s user system elapsed VAMForSeurat 6.073 0.267 8.006 Flavor: r-devel-linux-x86_64-debian-clang