Last updated on 2025-04-30 04:50:23 CEST.
Flavor | Version | Tinstall | Tcheck | Ttotal | Status | Flags |
---|---|---|---|---|---|---|
r-devel-linux-x86_64-debian-clang | 1.0.3 | 20.84 | 43.00 | 63.84 | NOTE | |
r-devel-linux-x86_64-debian-gcc | 1.0.3 | 14.07 | 27.50 | 41.57 | NOTE | |
r-devel-linux-x86_64-fedora-clang | 1.0.3 | 113.58 | OK | |||
r-devel-linux-x86_64-fedora-gcc | 1.0.3 | 109.64 | OK | |||
r-devel-windows-x86_64 | 1.0.3 | 25.00 | 82.00 | 107.00 | OK | |
r-patched-linux-x86_64 | 1.0.3 | 20.86 | 41.04 | 61.90 | OK | |
r-release-linux-x86_64 | 1.0.3 | 19.45 | 41.10 | 60.55 | OK | |
r-release-macos-arm64 | 1.0.3 | 30.00 | OK | |||
r-release-macos-x86_64 | 1.0.3 | 54.00 | OK | |||
r-release-windows-x86_64 | 1.0.3 | 25.00 | 79.00 | 104.00 | OK | |
r-oldrel-macos-arm64 | 1.0.3 | 30.00 | OK | |||
r-oldrel-macos-x86_64 | 1.0.3 | 50.00 | OK | |||
r-oldrel-windows-x86_64 | 1.0.3 | 28.00 | 98.00 | 126.00 | OK |
Version: 1.0.3
Check: examples
Result: NOTE
Examples with CPU (user + system) or elapsed time > 5s
user system elapsed
BACKWARD_EXPOSURE 8.522 0.017 12.953
STEPWISE_EXPOSURE 7.919 0.000 11.404
FORWARD_EXPOSURE 7.866 0.008 11.112
Flavor: r-devel-linux-x86_64-debian-clang
Version: 1.0.3
Check: examples
Result: NOTE
Examples with CPU (user + system) or elapsed time > 5s
user system elapsed
BACKWARD_EXPOSURE 4.434 0.016 6.288
STEPWISE_EXPOSURE 4.022 0.016 5.145
FORWARD_EXPOSURE 3.996 0.019 5.543
Flavor: r-devel-linux-x86_64-debian-gcc