Last updated on 2025-04-30 04:50:23 CEST.
Flavor | Version | Tinstall | Tcheck | Ttotal | Status | Flags |
---|---|---|---|---|---|---|
r-devel-linux-x86_64-debian-clang | 0.1.0 | 66.14 | 55.67 | 121.81 | NOTE | |
r-devel-linux-x86_64-debian-gcc | 0.1.0 | 46.96 | 41.01 | 87.97 | NOTE | |
r-devel-linux-x86_64-fedora-clang | 0.1.0 | 188.94 | OK | |||
r-devel-linux-x86_64-fedora-gcc | 0.1.0 | 208.06 | OK | |||
r-devel-windows-x86_64 | 0.1.0 | 65.00 | 89.00 | 154.00 | OK | |
r-patched-linux-x86_64 | 0.1.0 | 64.75 | 52.51 | 117.26 | OK | |
r-release-linux-x86_64 | 0.1.0 | 64.58 | 53.55 | 118.13 | OK | |
r-release-macos-arm64 | 0.1.0 | 55.00 | OK | |||
r-release-macos-x86_64 | 0.1.0 | 113.00 | OK | |||
r-release-windows-x86_64 | 0.1.0 | 64.00 | 91.00 | 155.00 | OK | |
r-oldrel-macos-arm64 | 0.1.0 | 50.00 | NOTE | |||
r-oldrel-macos-x86_64 | 0.1.0 | 83.00 | NOTE | |||
r-oldrel-windows-x86_64 | 0.1.0 | 72.00 | 107.00 | 179.00 | OK |
Version: 0.1.0
Check: CRAN incoming feasibility
Result: NOTE
Maintainer: ‘Jiehuan Sun <jiehuan.sun@gmail.com>’
No Authors@R field in DESCRIPTION.
Please add one, modifying
Authors@R: person(given = "Jiehuan",
family = "Sun",
role = c("aut", "cre"),
email = "jiehuan.sun@gmail.com")
as necessary.
Flavors: r-devel-linux-x86_64-debian-clang, r-devel-linux-x86_64-debian-gcc
Version: 0.1.0
Check: installed package size
Result: NOTE
installed size is 7.8Mb
sub-directories of 1Mb or more:
libs 7.5Mb
Flavors: r-oldrel-macos-arm64, r-oldrel-macos-x86_64