Last updated on 2025-04-30 04:50:23 CEST.
Flavor | Version | Tinstall | Tcheck | Ttotal | Status | Flags |
---|---|---|---|---|---|---|
r-devel-linux-x86_64-debian-clang | 2.4.9 | 11.25 | 55.84 | 67.09 | NOTE | |
r-devel-linux-x86_64-debian-gcc | 2.4.9 | 7.99 | 41.08 | 49.07 | NOTE | |
r-devel-linux-x86_64-fedora-clang | 2.4.9 | 112.23 | OK | |||
r-devel-linux-x86_64-fedora-gcc | 2.4.9 | 105.02 | OK | |||
r-devel-windows-x86_64 | 2.4.9 | 17.00 | 86.00 | 103.00 | OK | |
r-patched-linux-x86_64 | 2.4.9 | 11.51 | 54.60 | 66.11 | OK | |
r-release-linux-x86_64 | 2.4.9 | 10.66 | 52.77 | 63.43 | OK | |
r-release-macos-arm64 | 2.4.9 | 37.00 | OK | |||
r-release-macos-x86_64 | 2.4.9 | 64.00 | OK | |||
r-release-windows-x86_64 | 2.4.9 | 18.00 | 83.00 | 101.00 | OK | |
r-oldrel-macos-arm64 | 2.4.9 | 49.00 | OK | |||
r-oldrel-macos-x86_64 | 2.4.9 | 69.00 | OK | |||
r-oldrel-windows-x86_64 | 2.4.9 | 21.00 | 99.00 | 120.00 | OK |
Version: 2.4.9
Check: CRAN incoming feasibility
Result: NOTE
Maintainer: ‘Michael Salter-Townshend <mike.saltertownshend@gmail.com>’
No Authors@R field in DESCRIPTION.
Please add one, modifying
Authors@R: person(given = "Michael",
family = "Salter-Townshend",
role = c("aut", "cre"),
email = "mike.saltertownshend@gmail.com")
as necessary.
Flavors: r-devel-linux-x86_64-debian-clang, r-devel-linux-x86_64-debian-gcc