CRAN Package Check Results for Package VDAP

Last updated on 2025-04-30 04:50:23 CEST.

Flavor Version Tinstall Tcheck Ttotal Status Flags
r-devel-linux-x86_64-debian-clang 2.0.0 11.82 85.30 97.12 NOTE
r-devel-linux-x86_64-debian-gcc 2.0.0 8.59 62.27 70.86 NOTE
r-devel-linux-x86_64-fedora-clang 2.0.0 144.02 OK
r-devel-linux-x86_64-fedora-gcc 2.0.0 140.13 OK
r-devel-windows-x86_64 2.0.0 12.00 98.00 110.00 OK
r-patched-linux-x86_64 2.0.0 9.69 83.41 93.10 OK
r-release-linux-x86_64 2.0.0 9.97 82.89 92.86 OK
r-release-macos-arm64 2.0.0 38.00 OK
r-release-macos-x86_64 2.0.0 76.00 OK
r-release-windows-x86_64 2.0.0 12.00 95.00 107.00 OK
r-oldrel-macos-arm64 2.0.0 41.00 NOTE
r-oldrel-macos-x86_64 2.0.0 59.00 NOTE
r-oldrel-windows-x86_64 2.0.0 15.00 121.00 136.00 NOTE

Check Details

Version: 2.0.0
Check: CRAN incoming feasibility
Result: NOTE Maintainer: ‘Cody Moore <Jumper9400@gmail.com>’ No Authors@R field in DESCRIPTION. Please add one, modifying Authors@R: person(given = "Cody", family = "Moore", role = c("aut", "cre"), email = "jumper9400@gmail.com") as necessary. Flavors: r-devel-linux-x86_64-debian-clang, r-devel-linux-x86_64-debian-gcc

Version: 2.0.0
Check: LazyData
Result: NOTE 'LazyData' is specified without a 'data' directory Flavors: r-oldrel-macos-arm64, r-oldrel-macos-x86_64, r-oldrel-windows-x86_64