Last updated on 2025-04-30 04:50:23 CEST.
Flavor | Version | Tinstall | Tcheck | Ttotal | Status | Flags |
---|---|---|---|---|---|---|
r-devel-linux-x86_64-debian-clang | 0.1 | 2.60 | 26.26 | 28.86 | NOTE | |
r-devel-linux-x86_64-debian-gcc | 0.1 | 1.83 | 20.59 | 22.42 | NOTE | |
r-devel-linux-x86_64-fedora-clang | 0.1 | 45.42 | OK | |||
r-devel-linux-x86_64-fedora-gcc | 0.1 | 44.54 | OK | |||
r-devel-windows-x86_64 | 0.1 | 4.00 | 49.00 | 53.00 | OK | |
r-patched-linux-x86_64 | 0.1 | 2.38 | 25.50 | 27.88 | OK | |
r-release-linux-x86_64 | 0.1 | 2.73 | 25.26 | 27.99 | OK | |
r-release-macos-arm64 | 0.1 | 22.00 | OK | |||
r-release-macos-x86_64 | 0.1 | 36.00 | OK | |||
r-release-windows-x86_64 | 0.1 | 4.00 | 47.00 | 51.00 | OK | |
r-oldrel-macos-arm64 | 0.1 | 19.00 | OK | |||
r-oldrel-macos-x86_64 | 0.1 | 26.00 | OK | |||
r-oldrel-windows-x86_64 | 0.1 | 4.00 | 50.00 | 54.00 | OK |
Version: 0.1
Check: CRAN incoming feasibility
Result: NOTE
Maintainer: ‘Alexander Yermanos <ayermanos@gmail.com>’
No Authors@R field in DESCRIPTION.
Please add one, modifying
Authors@R: person(given = "Alexander",
family = "Yermanos",
role = c("aut", "cre"),
email = "ayermanos@gmail.com")
as necessary.
Flavors: r-devel-linux-x86_64-debian-clang, r-devel-linux-x86_64-debian-gcc