Last updated on 2025-04-30 04:50:23 CEST.
Flavor | Version | Tinstall | Tcheck | Ttotal | Status | Flags |
---|---|---|---|---|---|---|
r-devel-linux-x86_64-debian-clang | 1.3 | 9.46 | 82.84 | 92.30 | NOTE | |
r-devel-linux-x86_64-debian-gcc | 1.3 | 7.32 | 60.49 | 67.81 | NOTE | |
r-devel-linux-x86_64-fedora-clang | 1.3 | 132.76 | OK | |||
r-devel-linux-x86_64-fedora-gcc | 1.3 | 130.72 | OK | |||
r-devel-windows-x86_64 | 1.3 | 11.00 | 95.00 | 106.00 | OK | |
r-patched-linux-x86_64 | 1.3 | 8.46 | 81.21 | 89.67 | OK | |
r-release-linux-x86_64 | 1.3 | 9.55 | 80.30 | 89.85 | OK | |
r-release-macos-arm64 | 1.3 | 39.00 | OK | |||
r-release-macos-x86_64 | 1.3 | 89.00 | OK | |||
r-release-windows-x86_64 | 1.3 | 11.00 | 92.00 | 103.00 | OK | |
r-oldrel-macos-arm64 | 1.3 | 42.00 | OK | |||
r-oldrel-macos-x86_64 | 1.3 | 68.00 | OK | |||
r-oldrel-windows-x86_64 | 1.3 | 12.00 | 115.00 | 127.00 | OK |
Version: 1.3
Check: CRAN incoming feasibility
Result: NOTE
Maintainer: ‘Shannon T. Holloway <shannon.t.holloway@gmail.com>’
The Description field contains
M. (2021) <arXiv:2102.13103> .
Please refer to arXiv e-prints via their arXiv DOI <doi:10.48550/arXiv.YYMM.NNNNN>.
Flavors: r-devel-linux-x86_64-debian-clang, r-devel-linux-x86_64-debian-gcc