Last updated on 2025-04-30 04:50:23 CEST.
Flavor | Version | Tinstall | Tcheck | Ttotal | Status | Flags |
---|---|---|---|---|---|---|
r-devel-linux-x86_64-debian-clang | 1.1-13 | 107.09 | 553.08 | 660.17 | OK | |
r-devel-linux-x86_64-debian-gcc | 1.1-13 | 63.28 | 335.66 | 398.94 | OK | |
r-devel-linux-x86_64-fedora-clang | 1.1-13 | 1044.68 | OK | |||
r-devel-linux-x86_64-fedora-gcc | 1.1-13 | 1016.47 | OK | |||
r-devel-windows-x86_64 | 1.1-13 | 104.00 | 647.00 | 751.00 | OK | |
r-patched-linux-x86_64 | 1.1-13 | 122.26 | 518.97 | 641.23 | OK | |
r-release-linux-x86_64 | 1.1-13 | 92.79 | 516.31 | 609.10 | OK | |
r-release-macos-arm64 | 1.1-13 | 191.00 | OK | |||
r-release-macos-x86_64 | 1.1-13 | 456.00 | OK | |||
r-release-windows-x86_64 | 1.1-13 | 106.00 | 627.00 | 733.00 | OK | |
r-oldrel-macos-arm64 | 1.1-13 | 194.00 | NOTE | |||
r-oldrel-macos-x86_64 | 1.1-13 | 486.00 | NOTE | |||
r-oldrel-windows-x86_64 | 1.1-13 | 138.00 | 744.00 | 882.00 | NOTE |
Version: 1.1-13
Check: installed package size
Result: NOTE
installed size is 10.3Mb
sub-directories of 1Mb or more:
R 5.1Mb
help 4.0Mb
Flavors: r-oldrel-macos-arm64, r-oldrel-macos-x86_64, r-oldrel-windows-x86_64