CRAN Package Check Results for Package VSOLassoBag

Last updated on 2025-04-30 04:50:23 CEST.

Flavor Version Tinstall Tcheck Ttotal Status Flags
r-devel-linux-x86_64-debian-clang 0.99.1 32.58 485.73 518.31 NOTE
r-devel-linux-x86_64-debian-gcc 0.99.1 23.23 380.25 403.48 NOTE
r-devel-linux-x86_64-fedora-clang 0.99.1 824.13 OK
r-devel-linux-x86_64-fedora-gcc 0.99.1 789.48 OK
r-devel-windows-x86_64 0.99.1 32.00 423.00 455.00 NOTE
r-patched-linux-x86_64 0.99.1 28.61 466.91 495.52 NOTE
r-release-linux-x86_64 0.99.1 30.63 466.51 497.14 NOTE
r-release-macos-arm64 0.99.1 231.00 OK
r-release-macos-x86_64 0.99.1 427.00 OK
r-release-windows-x86_64 0.99.1 32.00 403.00 435.00 NOTE
r-oldrel-macos-arm64 0.99.1 219.00 OK
r-oldrel-macos-x86_64 0.99.1 322.00 OK
r-oldrel-windows-x86_64 0.99.1 37.00 554.00 591.00 OK

Check Details

Version: 0.99.1
Check: Rd cross-references
Result: NOTE Found the following Rd file(s) with Rd \link{} targets missing package anchors: VSOLassoBag.Rd: coxph Please provide package anchors for all Rd \link{} targets not in the package itself and the base packages. Flavors: r-devel-linux-x86_64-debian-clang, r-devel-linux-x86_64-debian-gcc, r-devel-windows-x86_64, r-patched-linux-x86_64, r-release-linux-x86_64, r-release-windows-x86_64