CRAN Package Check Results for Package VarianceGamma

Last updated on 2025-04-30 04:50:23 CEST.

Flavor Version Tinstall Tcheck Ttotal Status Flags
r-devel-linux-x86_64-debian-clang 0.4-2 3.95 36.25 40.20 NOTE
r-devel-linux-x86_64-debian-gcc 0.4-2 2.79 26.79 29.58 NOTE
r-devel-linux-x86_64-fedora-clang 0.4-2 62.88 OK
r-devel-linux-x86_64-fedora-gcc 0.4-2 64.47 OK
r-devel-windows-x86_64 0.4-2 5.00 59.00 64.00 OK
r-patched-linux-x86_64 0.4-2 3.51 35.77 39.28 OK
r-release-linux-x86_64 0.4-2 2.88 34.19 37.07 OK
r-release-macos-arm64 0.4-2 22.00 OK
r-release-macos-x86_64 0.4-2 39.00 OK
r-release-windows-x86_64 0.4-2 5.00 57.00 62.00 OK
r-oldrel-macos-arm64 0.4-2 21.00 OK
r-oldrel-macos-x86_64 0.4-2 31.00 OK
r-oldrel-windows-x86_64 0.4-2 5.00 62.00 67.00 OK

Check Details

Version: 0.4-2
Check: CRAN incoming feasibility
Result: NOTE Maintainer: ‘David Scott <d.scott@auckland.ac.nz>’ No Authors@R field in DESCRIPTION. Please add one, modifying Authors@R: c(person(given = "David", family = "Scott", role = c("aut", "cre"), email = "d.scott@auckland.ac.nz"), person(given = c("Christine", "Yang"), family = "Dong", role = "aut", email = "c.dong@auckland.ac.nz")) as necessary. Flavors: r-devel-linux-x86_64-debian-clang, r-devel-linux-x86_64-debian-gcc