Last updated on 2025-04-30 04:50:23 CEST.
Flavor | Version | Tinstall | Tcheck | Ttotal | Status | Flags |
---|---|---|---|---|---|---|
r-devel-linux-x86_64-debian-clang | 1.0.0 | 3.44 | 84.11 | 87.55 | NOTE | |
r-devel-linux-x86_64-debian-gcc | 1.0.0 | 2.67 | 62.32 | 64.99 | NOTE | |
r-devel-linux-x86_64-fedora-clang | 1.0.0 | 114.22 | OK | |||
r-devel-linux-x86_64-fedora-gcc | 1.0.0 | 107.52 | OK | |||
r-devel-windows-x86_64 | 1.0.0 | 7.00 | 83.00 | 90.00 | OK | |
r-patched-linux-x86_64 | 1.0.0 | 3.92 | 69.20 | 73.12 | OK | |
r-release-linux-x86_64 | 1.0.0 | 3.45 | 67.37 | 70.82 | OK | |
r-release-macos-arm64 | 1.0.0 | 48.00 | OK | |||
r-release-macos-x86_64 | 1.0.0 | 57.00 | OK | |||
r-release-windows-x86_64 | 1.0.0 | 7.00 | 82.00 | 89.00 | OK | |
r-oldrel-macos-arm64 | 1.0.0 | 28.00 | NOTE | |||
r-oldrel-macos-x86_64 | 1.0.0 | 46.00 | NOTE | |||
r-oldrel-windows-x86_64 | 1.0.0 | 7.00 | 98.00 | 105.00 | NOTE |
Version: 1.0.0
Check: examples
Result: NOTE
Examples with CPU (user + system) or elapsed time > 5s
user system elapsed
filled_voxel_cloud 16.828 1.086 8.799
plot_projection 10.179 0.212 13.889
distance_clustering 4.993 0.656 5.340
Flavor: r-devel-linux-x86_64-debian-clang
Version: 1.0.0
Check: examples
Result: NOTE
Examples with CPU (user + system) or elapsed time > 5s
user system elapsed
filled_voxel_cloud 18.975 0.225 14.523
plot_projection 5.451 0.263 6.125
Flavor: r-devel-linux-x86_64-debian-gcc
Version: 1.0.0
Check: LazyData
Result: NOTE
'LazyData' is specified without a 'data' directory
Flavors: r-oldrel-macos-arm64, r-oldrel-macos-x86_64, r-oldrel-windows-x86_64