Last updated on 2025-04-30 04:50:23 CEST.
Flavor | Version | Tinstall | Tcheck | Ttotal | Status | Flags |
---|---|---|---|---|---|---|
r-devel-linux-x86_64-debian-clang | 1.0.0 | 1.73 | 143.92 | 145.65 | NOTE | |
r-devel-linux-x86_64-debian-gcc | 1.0.0 | 1.46 | 69.78 | 71.24 | NOTE | |
r-devel-linux-x86_64-fedora-clang | 1.0.0 | 240.74 | OK | |||
r-devel-linux-x86_64-fedora-gcc | 1.0.0 | 176.68 | OK | |||
r-devel-windows-x86_64 | 1.0.0 | 3.00 | 156.00 | 159.00 | OK | |
r-patched-linux-x86_64 | 1.0.0 | 1.73 | 133.07 | 134.80 | OK | |
r-release-linux-x86_64 | 1.0.0 | 1.64 | 105.56 | 107.20 | OK | |
r-release-macos-arm64 | 1.0.0 | 64.00 | OK | |||
r-release-macos-x86_64 | 1.0.0 | 150.00 | OK | |||
r-release-windows-x86_64 | 1.0.0 | 3.00 | 146.00 | 149.00 | OK | |
r-oldrel-macos-arm64 | 1.0.0 | 61.00 | OK | |||
r-oldrel-macos-x86_64 | 1.0.0 | 154.00 | OK | |||
r-oldrel-windows-x86_64 | 1.0.0 | 3.00 | 204.00 | 207.00 | OK |
Version: 1.0.0
Check: examples
Result: NOTE
Examples with CPU (user + system) or elapsed time > 5s
user system elapsed
Sequential2Means 4.048 0.012 7.675
Sequential2MeansBeta 3.220 0.022 6.382
Flavor: r-devel-linux-x86_64-debian-clang
Version: 1.0.0
Check: examples
Result: NOTE
Examples with CPU (user + system) or elapsed time > 5s
user system elapsed
Sequential2Means 2.414 0.104 5.174
Flavor: r-devel-linux-x86_64-debian-gcc