CRAN Package Check Results for Package WA

Last updated on 2025-04-30 04:50:23 CEST.

Flavor Version Tinstall Tcheck Ttotal Status Flags
r-devel-linux-x86_64-debian-clang 1.0 1.90 26.90 28.80 NOTE
r-devel-linux-x86_64-debian-gcc 1.0 1.63 20.77 22.40 NOTE
r-devel-linux-x86_64-fedora-clang 1.0 46.52 OK
r-devel-linux-x86_64-fedora-gcc 1.0 59.57 OK
r-devel-windows-x86_64 1.0 4.00 53.00 57.00 OK
r-patched-linux-x86_64 1.0 2.33 26.43 28.76 OK
r-release-linux-x86_64 1.0 2.05 26.65 28.70 OK
r-release-macos-arm64 1.0 30.00 OK
r-release-macos-x86_64 1.0 45.00 OK
r-release-windows-x86_64 1.0 3.00 50.00 53.00 OK
r-oldrel-macos-arm64 1.0 24.00 OK
r-oldrel-macos-x86_64 1.0 34.00 OK
r-oldrel-windows-x86_64 1.0 3.00 52.00 55.00 OK

Check Details

Version: 1.0
Check: CRAN incoming feasibility
Result: NOTE Maintainer: ‘Lu Mao <lmao@biostat.wisc.edu>’ No Authors@R field in DESCRIPTION. Please add one, modifying Authors@R: person(given = "Lu", family = "Mao", role = c("aut", "cre"), email = "lmao@biostat.wisc.edu") as necessary. Flavors: r-devel-linux-x86_64-debian-clang, r-devel-linux-x86_64-debian-gcc