Last updated on 2025-04-30 04:50:23 CEST.
Flavor | Version | Tinstall | Tcheck | Ttotal | Status | Flags |
---|---|---|---|---|---|---|
r-devel-linux-x86_64-debian-clang | 1.2-4 | 2.96 | 28.89 | 31.85 | NOTE | |
r-devel-linux-x86_64-debian-gcc | 1.2-4 | 2.25 | 21.84 | 24.09 | NOTE | |
r-devel-linux-x86_64-fedora-clang | 1.2-4 | 49.07 | OK | |||
r-devel-linux-x86_64-fedora-gcc | 1.2-4 | 49.33 | OK | |||
r-devel-windows-x86_64 | 1.2-4 | 3.00 | 53.00 | 56.00 | NOTE | |
r-patched-linux-x86_64 | 1.2-4 | 2.82 | 27.74 | 30.56 | NOTE | |
r-release-linux-x86_64 | 1.2-4 | 2.57 | 27.92 | 30.49 | NOTE | |
r-release-macos-arm64 | 1.2-4 | 19.00 | OK | |||
r-release-macos-x86_64 | 1.2-4 | 32.00 | OK | |||
r-release-windows-x86_64 | 1.2-4 | 3.00 | 51.00 | 54.00 | NOTE | |
r-oldrel-macos-arm64 | 1.2-4 | 16.00 | OK | |||
r-oldrel-macos-x86_64 | 1.2-4 | 27.00 | OK | |||
r-oldrel-windows-x86_64 | 1.2-4 | 3.00 | 53.00 | 56.00 | OK |
Version: 1.2-4
Check: CRAN incoming feasibility
Result: NOTE
Maintainer: ‘Takumi Tsutaya <tsutayatakumi@gmail.com>’
No Authors@R field in DESCRIPTION.
Please add one, modifying
Authors@R: person(given = "Takumi",
family = "Tsutaya",
role = c("aut", "cre"),
email = "tsutayatakumi@gmail.com")
as necessary.
Flavors: r-devel-linux-x86_64-debian-clang, r-devel-linux-x86_64-debian-gcc
Version: 1.2-4
Check: Rd cross-references
Result: NOTE
Found the following Rd file(s) with Rd \link{} targets missing package
anchors:
warn.Rd: kde2d, width.SJ
Please provide package anchors for all Rd \link{} targets not in the
package itself and the base packages.
Flavors: r-devel-linux-x86_64-debian-clang, r-devel-linux-x86_64-debian-gcc, r-devel-windows-x86_64, r-patched-linux-x86_64, r-release-linux-x86_64, r-release-windows-x86_64