CRAN Package Check Results for Package WCE

Last updated on 2025-04-30 04:50:23 CEST.

Flavor Version Tinstall Tcheck Ttotal Status Flags
r-devel-linux-x86_64-debian-clang 1.0.3 7.00 72.23 79.23 NOTE
r-devel-linux-x86_64-debian-gcc 1.0.3 5.12 50.96 56.08 NOTE
r-devel-linux-x86_64-fedora-clang 1.0.3 122.16 OK
r-devel-linux-x86_64-fedora-gcc 1.0.3 127.59 OK
r-devel-windows-x86_64 1.0.3 8.00 94.00 102.00 NOTE
r-patched-linux-x86_64 1.0.3 7.52 70.22 77.74 NOTE
r-release-linux-x86_64 1.0.3 7.06 68.64 75.70 NOTE
r-release-macos-arm64 1.0.3 42.00 OK
r-release-macos-x86_64 1.0.3 81.00 OK
r-release-windows-x86_64 1.0.3 8.00 98.00 106.00 NOTE
r-oldrel-macos-arm64 1.0.3 37.00 OK
r-oldrel-macos-x86_64 1.0.3 64.00 OK
r-oldrel-windows-x86_64 1.0.3 9.00 107.00 116.00 OK

Check Details

Version: 1.0.3
Check: Rd cross-references
Result: NOTE Found the following Rd file(s) with Rd \link{} targets missing package anchors: WCE.Rd: coxph.control Please provide package anchors for all Rd \link{} targets not in the package itself and the base packages. Flavors: r-devel-linux-x86_64-debian-clang, r-devel-linux-x86_64-debian-gcc, r-devel-windows-x86_64, r-patched-linux-x86_64, r-release-linux-x86_64, r-release-windows-x86_64