Last updated on 2025-04-30 04:50:23 CEST.
Flavor | Version | Tinstall | Tcheck | Ttotal | Status | Flags |
---|---|---|---|---|---|---|
r-devel-linux-x86_64-debian-clang | 0.2.2 | 1.64 | 41.13 | 42.77 | NOTE | |
r-devel-linux-x86_64-debian-gcc | 0.2.2 | 1.42 | 28.10 | 29.52 | NOTE | |
r-devel-linux-x86_64-fedora-clang | 0.2.2 | 64.89 | OK | |||
r-devel-linux-x86_64-fedora-gcc | 0.2.2 | 66.45 | OK | |||
r-devel-windows-x86_64 | 0.2.2 | 3.00 | 60.00 | 63.00 | OK | |
r-patched-linux-x86_64 | 0.2.2 | 1.63 | 39.44 | 41.07 | OK | |
r-release-linux-x86_64 | 0.2.2 | 1.60 | 38.56 | 40.16 | OK | |
r-release-macos-arm64 | 0.2.2 | 25.00 | OK | |||
r-release-macos-x86_64 | 0.2.2 | 56.00 | OK | |||
r-release-windows-x86_64 | 0.2.2 | 3.00 | 58.00 | 61.00 | OK | |
r-oldrel-macos-arm64 | 0.2.2 | 22.00 | NOTE | |||
r-oldrel-macos-x86_64 | 0.2.2 | 34.00 | NOTE | |||
r-oldrel-windows-x86_64 | 0.2.2 | 4.00 | 69.00 | 73.00 | NOTE |
Version: 0.2.2
Check: CRAN incoming feasibility
Result: NOTE
Maintainer: ‘Ujjwal Singh <ujjwalrsmt@gmail.com>’
No Authors@R field in DESCRIPTION.
Please add one, modifying
Authors@R: c(person(given = c("Ujjwal", "Singh", "Prashant", "K", "Srivastava", "<prashant.just@gmail.com)>", "Dharmendra", "Kumar", "Pandey", "<Dkp@sac.isro.gov.in>", "Sumit", "Kumar", "Chaudhary", "<sumit.mathe@gmail.com>", "Dileep", "Kumar", "Gupta"),
family = "<dileepgupta85@gmail.com>",
role = "aut",
email = "dileepgupta85@gmail.com"),
person(given = "Ujjwal",
family = "Singh",
role = "cre",
email = "ujjwalrsmt@gmail.com"))
as necessary.
Flavors: r-devel-linux-x86_64-debian-clang, r-devel-linux-x86_64-debian-gcc
Version: 0.2.2
Check: examples
Result: NOTE
Examples with CPU (user + system) or elapsed time > 5s
user system elapsed
lai_inversion_lut 11.125 0.21 17.12
Flavor: r-devel-linux-x86_64-debian-clang
Version: 0.2.2
Check: examples
Result: NOTE
Examples with CPU (user + system) or elapsed time > 5s
user system elapsed
lai_inversion_lut 6.009 0.214 7.577
Flavor: r-devel-linux-x86_64-debian-gcc
Version: 0.2.2
Check: LazyData
Result: NOTE
'LazyData' is specified without a 'data' directory
Flavors: r-oldrel-macos-arm64, r-oldrel-macos-x86_64, r-oldrel-windows-x86_64