Last updated on 2025-04-30 04:50:23 CEST.
Flavor | Version | Tinstall | Tcheck | Ttotal | Status | Flags |
---|---|---|---|---|---|---|
r-devel-linux-x86_64-debian-clang | 1.1.2 | 3.25 | 60.57 | 63.82 | NOTE | |
r-devel-linux-x86_64-debian-gcc | 1.1.2 | 2.62 | 48.58 | 51.20 | NOTE | |
r-devel-linux-x86_64-fedora-clang | 1.1.2 | 96.61 | OK | |||
r-devel-linux-x86_64-fedora-gcc | 1.1.2 | 115.57 | OK | |||
r-devel-windows-x86_64 | 1.1.2 | 4.00 | 87.00 | 91.00 | OK | |
r-patched-linux-x86_64 | 1.1.2 | 3.88 | 61.61 | 65.49 | OK | |
r-release-linux-x86_64 | 1.1.2 | 3.14 | 62.11 | 65.25 | OK | |
r-release-macos-arm64 | 1.1.2 | 45.00 | OK | |||
r-release-macos-x86_64 | 1.1.2 | 81.00 | OK | |||
r-release-windows-x86_64 | 1.1.2 | 4.00 | 85.00 | 89.00 | OK | |
r-oldrel-macos-arm64 | 1.1.2 | 60.00 | OK | |||
r-oldrel-macos-x86_64 | 1.1.2 | 150.00 | OK | |||
r-oldrel-windows-x86_64 | 1.1.2 | 4.00 | 98.00 | 102.00 | OK |
Version: 1.1.2
Check: examples
Result: NOTE
Examples with CPU (user + system) or elapsed time > 5s
user system elapsed
WH_2d 4.388 0.158 5.775
Flavor: r-devel-linux-x86_64-debian-clang
Version: 1.1.2
Check: examples
Result: NOTE
Examples with CPU (user + system) or elapsed time > 5s
user system elapsed
WH_2d 4.044 0.036 5.872
Flavor: r-devel-linux-x86_64-debian-gcc