Last updated on 2025-02-21 03:52:30 CET.
Flavor | Version | Tinstall | Tcheck | Ttotal | Status | Flags |
---|---|---|---|---|---|---|
r-devel-linux-x86_64-debian-gcc | 0.5.3 | 1.58 | 15.80 | 17.38 | OK | |
r-devel-linux-x86_64-fedora-clang | 0.5.3 | 35.34 | OK | |||
r-devel-linux-x86_64-fedora-gcc | 0.5.3 | 36.05 | OK | |||
r-devel-macos-x86_64 | 0.5.3 | 41.00 | OK | |||
r-release-linux-x86_64 | 0.5.3 | 2.15 | 19.06 | 21.21 | OK | |
r-release-macos-arm64 | 0.4.0 | 15.00 | NOTE | |||
r-release-macos-x86_64 | 0.5.3 | 42.00 | OK | |||
r-release-windows-x86_64 | 0.5.3 | 4.00 | 62.00 | 66.00 | OK | |
r-oldrel-macos-arm64 | 0.4.0 | 14.00 | NOTE | |||
r-oldrel-macos-x86_64 | 0.5.3 | 44.00 | OK | |||
r-oldrel-windows-x86_64 | 0.5.3 | 5.00 | 73.00 | 78.00 | OK |
Version: 0.4.0
Check: LazyData
Result: NOTE
'LazyData' is specified without a 'data' directory
Flavors: r-release-macos-arm64, r-oldrel-macos-arm64