Last updated on 2025-04-30 04:50:23 CEST.
Flavor | Version | Tinstall | Tcheck | Ttotal | Status | Flags |
---|---|---|---|---|---|---|
r-devel-linux-x86_64-debian-clang | 0.1 | 3.89 | 29.07 | 32.96 | NOTE | |
r-devel-linux-x86_64-debian-gcc | 0.1 | 2.46 | 21.94 | 24.40 | NOTE | |
r-devel-linux-x86_64-fedora-clang | 0.1 | 49.16 | OK | |||
r-devel-linux-x86_64-fedora-gcc | 0.1 | 49.76 | OK | |||
r-devel-windows-x86_64 | 0.1 | 7.00 | 60.00 | 67.00 | OK | |
r-patched-linux-x86_64 | 0.1 | 3.72 | 28.10 | 31.82 | OK | |
r-release-linux-x86_64 | 0.1 | 3.57 | 27.73 | 31.30 | OK | |
r-release-macos-arm64 | 0.1 | 23.00 | OK | |||
r-release-macos-x86_64 | 0.1 | 39.00 | OK | |||
r-release-windows-x86_64 | 0.1 | 6.00 | 60.00 | 66.00 | OK | |
r-oldrel-macos-arm64 | 0.1 | 21.00 | NOTE | |||
r-oldrel-macos-x86_64 | 0.1 | 31.00 | NOTE | |||
r-oldrel-windows-x86_64 | 0.1 | 7.00 | 63.00 | 70.00 | NOTE |
Version: 0.1
Check: CRAN incoming feasibility
Result: NOTE
Maintainer: ‘Kunyu Ye <kunyuye@163.com>’
No Authors@R field in DESCRIPTION.
Please add one, modifying
Authors@R: c(person(given = "Kunyu",
family = "Ye",
role = c("aut", "cre"),
email = "kunyuye@163.com"),
person(given = "Siyao",
family = "Wang",
role = "aut"),
person(given = "Xudong",
family = "Liu",
role = "aut"),
person(given = "Tianwei",
family = "Yu",
role = "aut"))
as necessary.
Flavors: r-devel-linux-x86_64-debian-clang, r-devel-linux-x86_64-debian-gcc
Version: 0.1
Check: LazyData
Result: NOTE
'LazyData' is specified without a 'data' directory
Flavors: r-oldrel-macos-arm64, r-oldrel-macos-x86_64, r-oldrel-windows-x86_64