Last updated on 2025-04-30 04:50:23 CEST.
Flavor | Version | Tinstall | Tcheck | Ttotal | Status | Flags |
---|---|---|---|---|---|---|
r-devel-linux-x86_64-debian-clang | 0.1.4 | 10.55 | 142.67 | 153.22 | OK | |
r-devel-linux-x86_64-debian-gcc | 0.1.4 | 7.11 | 109.01 | 116.12 | OK | |
r-devel-linux-x86_64-fedora-clang | 0.1.4 | 221.33 | OK | |||
r-devel-linux-x86_64-fedora-gcc | 0.1.4 | 233.84 | OK | |||
r-devel-windows-x86_64 | 0.1.4 | 12.00 | 111.00 | 123.00 | OK | |
r-patched-linux-x86_64 | 0.1.4 | 10.70 | 137.40 | 148.10 | OK | |
r-release-linux-x86_64 | 0.1.4 | 9.46 | 137.45 | 146.91 | OK | |
r-release-macos-arm64 | 0.1.4 | 56.00 | OK | |||
r-release-macos-x86_64 | 0.1.4 | 115.00 | OK | |||
r-release-windows-x86_64 | 0.1.4 | 13.00 | 108.00 | 121.00 | OK | |
r-oldrel-macos-arm64 | 0.1.4 | 58.00 | NOTE | |||
r-oldrel-macos-x86_64 | 0.1.4 | 104.00 | NOTE | |||
r-oldrel-windows-x86_64 | 0.1.4 | 15.00 | 138.00 | 153.00 | NOTE |
Version: 0.1.4
Check: package dependencies
Result: NOTE
Package suggested but not available for checking: ‘wmtsa’
Flavors: r-oldrel-macos-arm64, r-oldrel-macos-x86_64, r-oldrel-windows-x86_64