Last updated on 2025-04-30 04:50:23 CEST.
Flavor | Version | Tinstall | Tcheck | Ttotal | Status | Flags |
---|---|---|---|---|---|---|
r-devel-linux-x86_64-debian-clang | 1.0 | 7.36 | 266.05 | 273.41 | NOTE | |
r-devel-linux-x86_64-debian-gcc | 1.0 | 5.21 | 159.26 | 164.47 | NOTE | |
r-devel-linux-x86_64-fedora-clang | 1.0 | 450.18 | OK | |||
r-devel-linux-x86_64-fedora-gcc | 1.0 | 449.31 | OK | |||
r-devel-windows-x86_64 | 1.0 | 8.00 | 243.00 | 251.00 | OK | |
r-patched-linux-x86_64 | 1.0 | 7.13 | 246.32 | 253.45 | OK | |
r-release-linux-x86_64 | 1.0 | 6.37 | 245.17 | 251.54 | OK | |
r-release-macos-arm64 | 1.0 | 129.00 | OK | |||
r-release-macos-x86_64 | 1.0 | 286.00 | OK | |||
r-release-windows-x86_64 | 1.0 | 8.00 | 238.00 | 246.00 | OK | |
r-oldrel-macos-arm64 | 1.0 | 112.00 | OK | |||
r-oldrel-macos-x86_64 | 1.0 | 192.00 | OK | |||
r-oldrel-windows-x86_64 | 1.0 | 11.00 | 335.00 | 346.00 | OK |
Version: 1.0
Check: CRAN incoming feasibility
Result: NOTE
Maintainer: ‘Lu Mao <lmao@biostat.wisc.edu>’
No Authors@R field in DESCRIPTION.
Please add one, modifying
Authors@R: c(person(given = "Lu",
family = "Mao",
role = c("aut", "cre"),
email = "lmao@biostat.wisc.edu"),
person(given = "Tuo",
family = "Wang",
role = "aut"))
as necessary.
Flavors: r-devel-linux-x86_64-debian-clang, r-devel-linux-x86_64-debian-gcc
Version: 1.0
Check: examples
Result: NOTE
Examples with CPU (user + system) or elapsed time > 5s
user system elapsed
pwreg 6.193 0.173 8.605
score.proc 5.513 0.031 7.741
Flavor: r-devel-linux-x86_64-debian-clang