Last updated on 2025-04-30 04:50:23 CEST.
Flavor | Version | Tinstall | Tcheck | Ttotal | Status | Flags |
---|---|---|---|---|---|---|
r-devel-linux-x86_64-debian-clang | 1.1-6 | 12.94 | 212.03 | 224.97 | NOTE | |
r-devel-linux-x86_64-debian-gcc | 1.1-6 | 8.07 | 128.15 | 136.22 | OK | |
r-devel-linux-x86_64-fedora-clang | 1.1-6 | 364.57 | OK | |||
r-devel-linux-x86_64-fedora-gcc | 1.1-6 | 369.06 | OK | |||
r-devel-windows-x86_64 | 1.1-6 | 14.00 | 210.00 | 224.00 | OK | |
r-patched-linux-x86_64 | 1.1-6 | 13.06 | 201.12 | 214.18 | OK | |
r-release-linux-x86_64 | 1.1-6 | 13.38 | 198.35 | 211.73 | OK | |
r-release-macos-arm64 | 1.1-6 | 129.00 | OK | |||
r-release-macos-x86_64 | 1.1-6 | 208.00 | OK | |||
r-release-windows-x86_64 | 1.1-6 | 14.00 | 205.00 | 219.00 | OK | |
r-oldrel-macos-arm64 | 1.1-6 | 88.00 | OK | |||
r-oldrel-macos-x86_64 | 1.1-6 | 144.00 | OK | |||
r-oldrel-windows-x86_64 | 1.1-6 | 17.00 | 277.00 | 294.00 | OK |
Version: 1.1-6
Check: examples
Result: NOTE
Examples with CPU (user + system) or elapsed time > 5s
user system elapsed
qanova 5.746 0 7.302
yuend 5.124 0 6.463
t2way 4.795 0 6.358
rmanovab 4.706 0 6.834
Flavor: r-devel-linux-x86_64-debian-clang