Last updated on 2025-04-30 04:50:23 CEST.
Flavor | Version | Tinstall | Tcheck | Ttotal | Status | Flags |
---|---|---|---|---|---|---|
r-devel-linux-x86_64-debian-clang | 0.1.0 | 18.29 | 154.17 | 172.46 | NOTE | |
r-devel-linux-x86_64-debian-gcc | 0.1.0 | 13.22 | 105.48 | 118.70 | OK | |
r-devel-linux-x86_64-fedora-clang | 0.1.0 | 266.60 | OK | |||
r-devel-linux-x86_64-fedora-gcc | 0.1.0 | 241.99 | OK | |||
r-devel-windows-x86_64 | 0.1.0 | 19.00 | 144.00 | 163.00 | OK | |
r-patched-linux-x86_64 | 0.1.0 | 18.24 | 142.97 | 161.21 | OK | |
r-release-linux-x86_64 | 0.1.0 | 18.16 | 141.41 | 159.57 | OK | |
r-release-macos-arm64 | 0.1.0 | 75.00 | OK | |||
r-release-macos-x86_64 | 0.1.0 | 121.00 | OK | |||
r-release-windows-x86_64 | 0.1.0 | 18.00 | 141.00 | 159.00 | OK | |
r-oldrel-macos-arm64 | 0.1.0 | 64.00 | OK | |||
r-oldrel-macos-x86_64 | 0.1.0 | 112.00 | OK | |||
r-oldrel-windows-x86_64 | 0.1.0 | 24.00 | 175.00 | 199.00 | OK |
Version: 0.1.0
Check: examples
Result: NOTE
Examples with CPU (user + system) or elapsed time > 5s
user system elapsed
best_column 5.675 0.086 7.498
warigaan_best 4.954 0.021 5.754
warigas_best 4.882 0.043 5.764
Flavor: r-devel-linux-x86_64-debian-clang