CRAN Package Check Results for Package WaverR

Last updated on 2025-04-30 04:50:23 CEST.

Flavor Version Tinstall Tcheck Ttotal Status Flags
r-devel-linux-x86_64-debian-clang 1.0 2.37 25.18 27.55 NOTE
r-devel-linux-x86_64-debian-gcc 1.0 1.89 19.70 21.59 NOTE
r-devel-linux-x86_64-fedora-clang 1.0 45.50 NOTE
r-devel-linux-x86_64-fedora-gcc 1.0 43.39 NOTE
r-devel-windows-x86_64 1.0 4.00 50.00 54.00 OK
r-patched-linux-x86_64 1.0 2.52 24.89 27.41 NOTE
r-release-linux-x86_64 1.0 2.48 25.57 28.05 NOTE
r-release-macos-arm64 1.0 19.00 OK
r-release-macos-x86_64 1.0 31.00 OK
r-release-windows-x86_64 1.0 4.00 46.00 50.00 OK
r-oldrel-macos-arm64 1.0 17.00 OK
r-oldrel-macos-x86_64 1.0 26.00 OK
r-oldrel-windows-x86_64 1.0 4.00 49.00 53.00 OK

Check Details

Version: 1.0
Check: CRAN incoming feasibility
Result: NOTE Maintainer: ‘Olivia Cheronet <cheronetolivia@gmail.com>’ No Authors@R field in DESCRIPTION. Please add one, modifying Authors@R: c(person(given = "Olivia", family = "Cheronet", role = c("aut", "cre"), email = "cheronetolivia@gmail.com"), person(given = c("John", "A."), family = "Finarelli", role = "aut")) as necessary. Flavors: r-devel-linux-x86_64-debian-clang, r-devel-linux-x86_64-debian-gcc

Version: 1.0
Check: for non-standard things in the check directory
Result: NOTE Found the following files/directories: ‘ReconstructedData.txt’ ‘ReconstructedDataStDev.txt’ ‘ResampledReconstructions.txt’ ‘ResampledReconstructionsStandardVariation.txt’ Flavors: r-devel-linux-x86_64-debian-clang, r-devel-linux-x86_64-debian-gcc, r-devel-linux-x86_64-fedora-clang, r-devel-linux-x86_64-fedora-gcc, r-patched-linux-x86_64, r-release-linux-x86_64