Last updated on 2025-04-30 04:50:23 CEST.
Flavor | Version | Tinstall | Tcheck | Ttotal | Status | Flags |
---|---|---|---|---|---|---|
r-devel-linux-x86_64-debian-clang | 4.0.3 | 12.48 | 264.92 | 277.40 | OK | |
r-devel-linux-x86_64-debian-gcc | 4.0.3 | 8.45 | 169.54 | 177.99 | OK | |
r-devel-linux-x86_64-fedora-clang | 4.0.3 | 432.95 | OK | |||
r-devel-linux-x86_64-fedora-gcc | 4.0.3 | 426.51 | OK | |||
r-devel-windows-x86_64 | 4.0.3 | 12.00 | 234.00 | 246.00 | OK | |
r-patched-linux-x86_64 | 4.0.3 | 11.66 | 250.60 | 262.26 | OK | |
r-release-linux-x86_64 | 4.0.3 | 11.38 | 252.29 | 263.67 | OK | |
r-release-macos-arm64 | 4.0.3 | 116.00 | OK | |||
r-release-macos-x86_64 | 4.0.3 | 286.00 | OK | |||
r-release-windows-x86_64 | 4.0.3 | 13.00 | 227.00 | 240.00 | OK | |
r-oldrel-macos-arm64 | 4.0.3 | 112.00 | NOTE | |||
r-oldrel-macos-x86_64 | 4.0.3 | 170.00 | OK | |||
r-oldrel-windows-x86_64 | 4.0.3 | 15.00 | 318.00 | 333.00 | OK |
Version: 4.0.3
Check: package dependencies
Result: NOTE
Package suggested but not available for checking: ‘glmmTMB’
Flavor: r-oldrel-macos-arm64